Last updated on 2022-05-28 18:51:25 CEST.
Flavor | Version | Tinstall | Tcheck | Ttotal | Status | Flags |
---|---|---|---|---|---|---|
r-devel-linux-x86_64-debian-clang | 3.0-0 | 9.82 | 35.43 | 45.25 | NOTE | |
r-devel-linux-x86_64-debian-gcc | 3.0-0 | 12.19 | 27.37 | 39.56 | NOTE | |
r-devel-linux-x86_64-fedora-clang | 3.0-0 | 55.52 | NOTE | |||
r-devel-linux-x86_64-fedora-gcc | 3.0-0 | 49.54 | NOTE | |||
r-devel-windows-x86_64 | 3.0-0 | 85.00 | 55.00 | 140.00 | NOTE | |
r-patched-linux-x86_64 | 3.0-0 | 12.57 | 33.66 | 46.23 | NOTE | |
r-release-linux-x86_64 | 3.0-0 | 11.91 | 33.67 | 45.58 | NOTE | |
r-release-macos-arm64 | 3.0-0 | 21.00 | NOTE | |||
r-release-macos-x86_64 | 3.0-0 | 29.00 | NOTE | |||
r-release-windows-x86_64 | 3.0-0 | 109.00 | 56.00 | 165.00 | NOTE | |
r-oldrel-macos-arm64 | 3.0-0 | 20.00 | NOTE | |||
r-oldrel-macos-x86_64 | 3.0-0 | 34.00 | NOTE | |||
r-oldrel-windows-ix86+x86_64 | 3.0-0 | 64.00 | 54.00 | 118.00 | NOTE |
Version: 3.0-0
Check: for GNU extensions in Makefiles
Result: NOTE
GNU make is a SystemRequirements.
Flavors: r-devel-linux-x86_64-debian-clang, r-devel-linux-x86_64-debian-gcc, r-devel-linux-x86_64-fedora-clang, r-devel-linux-x86_64-fedora-gcc, r-devel-windows-x86_64, r-patched-linux-x86_64, r-release-linux-x86_64, r-release-macos-arm64, r-release-macos-x86_64, r-release-windows-x86_64, r-oldrel-macos-arm64, r-oldrel-macos-x86_64, r-oldrel-windows-ix86+x86_64