Last updated on 2022-05-22 20:49:22 CEST.
Flavor | Version | Tinstall | Tcheck | Ttotal | Status | Flags |
---|---|---|---|---|---|---|
r-devel-linux-x86_64-debian-clang | 1.0.2 | 32.72 | 322.05 | 354.77 | OK | |
r-devel-linux-x86_64-debian-gcc | 1.0.2 | 30.84 | 234.69 | 265.53 | OK | |
r-devel-linux-x86_64-fedora-clang | 1.0.2 | 406.31 | NOTE | |||
r-devel-linux-x86_64-fedora-gcc | 1.0.2 | 405.45 | NOTE | |||
r-devel-windows-x86_64 | 1.0.2 | 36.00 | 305.00 | 341.00 | OK | |
r-patched-linux-x86_64 | 1.0.2 | 33.22 | 305.07 | 338.29 | OK | |
r-release-linux-x86_64 | 1.0.2 | 23.60 | 305.82 | 329.42 | OK | |
r-release-macos-arm64 | 1.0.2 | 89.00 | NOTE | |||
r-release-macos-x86_64 | 1.0.2 | 161.00 | NOTE | |||
r-release-windows-x86_64 | 1.0.2 | 34.00 | 307.00 | 341.00 | OK | |
r-oldrel-macos-arm64 | 1.0.2 | 105.00 | NOTE | |||
r-oldrel-macos-x86_64 | 1.0.2 | 163.00 | NOTE | |||
r-oldrel-windows-ix86+x86_64 | 1.0.2 | 72.00 | 309.00 | 381.00 | OK |
Version: 1.0.2
Check: dependencies in R code
Result: NOTE
Namespaces in Imports field not imported from:
‘rgdal’ ‘rgeos’ ‘tidyr’
All declared Imports should be used.
Flavors: r-devel-linux-x86_64-fedora-clang, r-devel-linux-x86_64-fedora-gcc, r-release-macos-arm64, r-release-macos-x86_64, r-oldrel-macos-arm64, r-oldrel-macos-x86_64