Last updated on 2023-02-01 09:53:17 CET.
Flavor | Version | Tinstall | Tcheck | Ttotal | Status | Flags |
---|---|---|---|---|---|---|
r-devel-linux-x86_64-debian-clang | 1.1.4 | 11.66 | 384.75 | 396.41 | OK | |
r-devel-linux-x86_64-debian-gcc | 1.1.4 | 9.02 | 287.50 | 296.52 | OK | |
r-devel-linux-x86_64-fedora-clang | 1.1.4 | 467.92 | NOTE | |||
r-devel-linux-x86_64-fedora-gcc | 1.1.4 | 480.33 | OK | |||
r-devel-windows-x86_64 | 1.1.4 | 25.00 | 492.00 | 517.00 | OK | |
r-patched-linux-x86_64 | 1.1.4 | 11.33 | 384.98 | 396.31 | OK | |
r-release-linux-x86_64 | 1.1.4 | 11.60 | 379.90 | 391.50 | OK | |
r-release-macos-arm64 | 1.1.4 | 167.00 | OK | |||
r-release-macos-x86_64 | 1.1.4 | 204.00 | OK | |||
r-release-windows-x86_64 | 1.1.4 | 29.00 | 503.00 | 532.00 | OK | |
r-oldrel-macos-arm64 | 1.1.4 | 166.00 | OK | |||
r-oldrel-macos-x86_64 | 1.1.4 | 220.00 | OK | |||
r-oldrel-windows-ix86+x86_64 | 1.1.4 | 19.00 | 458.00 | 477.00 | OK |
Version: 1.1.4
Check: Rd cross-references
Result: NOTE
Undeclared package ‘tibble’ in Rd xrefs
Flavor: r-devel-linux-x86_64-fedora-clang