Last updated on 2022-05-28 19:51:00 CEST.
Flavor | Version | Tinstall | Tcheck | Ttotal | Status | Flags |
---|---|---|---|---|---|---|
r-devel-linux-x86_64-debian-clang | 5.6.1 | 77.01 | 257.88 | 334.89 | OK | |
r-devel-linux-x86_64-debian-gcc | 5.6.1 | 53.80 | 171.25 | 225.05 | OK | |
r-devel-linux-x86_64-fedora-clang | 5.6.1 | 390.48 | OK | |||
r-devel-linux-x86_64-fedora-gcc | 5.6.1 | 347.65 | OK | |||
r-devel-windows-x86_64 | 5.6.1 | 183.00 | 298.00 | 481.00 | OK | |
r-patched-linux-x86_64 | 5.6.1 | 65.88 | 211.82 | 277.70 | OK | |
r-release-linux-x86_64 | 5.6.1 | 62.86 | 208.77 | 271.63 | OK | |
r-release-macos-arm64 | 5.6.1 | 93.00 | OK | |||
r-release-macos-x86_64 | 5.6.1 | 159.00 | OK | |||
r-release-windows-x86_64 | 5.6.1 | 207.00 | 297.00 | 504.00 | OK | |
r-oldrel-macos-arm64 | 5.6.1 | 80.00 | NOTE | |||
r-oldrel-macos-x86_64 | 5.6.1 | 121.00 | OK | |||
r-oldrel-windows-ix86+x86_64 | 5.6.1 | 171.00 | 366.00 | 537.00 | NOTE |
Version: 5.6.1
Check: installed package size
Result: NOTE
installed size is 5.2Mb
sub-directories of 1Mb or more:
libs 2.2Mb
Flavors: r-oldrel-macos-arm64, r-oldrel-windows-ix86+x86_64