CRAN Package Check Results for Package sdetorus

Last updated on 2022-05-23 22:58:25 CEST.

Flavor Version Tinstall Tcheck Ttotal Status Flags
r-devel-linux-x86_64-debian-clang 0.1.8 163.40 73.59 236.99 OK
r-devel-linux-x86_64-debian-gcc 0.1.8 126.56 55.08 181.64 OK
r-devel-linux-x86_64-fedora-clang 0.1.8 347.63 NOTE
r-devel-linux-x86_64-fedora-gcc 0.1.8 289.46 OK
r-devel-windows-x86_64 0.1.8 162.00 120.00 282.00 OK
r-patched-linux-x86_64 0.1.8 133.17 70.65 203.82 OK
r-release-linux-x86_64 0.1.8 OK
r-release-macos-arm64 0.1.8 72.00 NOTE
r-release-macos-x86_64 0.1.8 94.00 NOTE
r-release-windows-x86_64 0.1.8 152.00 122.00 274.00 OK
r-oldrel-macos-arm64 0.1.8 82.00 NOTE
r-oldrel-macos-x86_64 0.1.8 98.00 NOTE
r-oldrel-windows-ix86+x86_64 0.1.8 373.00 137.00 510.00 OK

Check Details

Version: 0.1.8
Check: installed package size
Result: NOTE
     installed size is 8.1Mb
     sub-directories of 1Mb or more:
     libs 7.2Mb
Flavors: r-devel-linux-x86_64-fedora-clang, r-release-macos-arm64, r-release-macos-x86_64, r-oldrel-macos-arm64, r-oldrel-macos-x86_64