Last updated on 2022-05-28 20:49:25 CEST.
Flavor | Version | Tinstall | Tcheck | Ttotal | Status | Flags |
---|---|---|---|---|---|---|
r-devel-linux-x86_64-debian-clang | 0.0.2 | 2.72 | 63.36 | 66.08 | OK | |
r-devel-linux-x86_64-debian-gcc | 0.0.2 | 2.10 | 48.45 | 50.55 | OK | |
r-devel-linux-x86_64-fedora-clang | 0.0.2 | 83.43 | NOTE | |||
r-devel-linux-x86_64-fedora-gcc | 0.0.2 | 80.29 | NOTE | |||
r-devel-windows-x86_64 | 0.0.2 | 36.00 | 88.00 | 124.00 | OK | |
r-patched-linux-x86_64 | 0.0.2 | 5.76 | 60.51 | 66.27 | OK | |
r-release-linux-x86_64 | 0.0.2 | 2.96 | 61.10 | 64.06 | OK | |
r-release-macos-arm64 | 0.0.2 | 23.00 | NOTE | |||
r-release-macos-x86_64 | 0.0.2 | 48.00 | NOTE | |||
r-release-windows-x86_64 | 0.0.2 | 57.00 | 90.00 | 147.00 | OK | |
r-oldrel-macos-arm64 | 0.0.2 | 28.00 | NOTE | |||
r-oldrel-macos-x86_64 | 0.0.2 | 27.00 | NOTE | |||
r-oldrel-windows-ix86+x86_64 | 0.0.2 | 9.00 | 75.00 | 84.00 | OK |
Version: 0.0.2
Check: dependencies in R code
Result: NOTE
Namespace in Imports field not imported from: ‘sp’
All declared Imports should be used.
Flavors: r-devel-linux-x86_64-fedora-clang, r-devel-linux-x86_64-fedora-gcc, r-release-macos-arm64, r-release-macos-x86_64, r-oldrel-macos-arm64, r-oldrel-macos-x86_64