Last updated on 2023-01-31 23:52:30 CET.
Flavor | Version | Tinstall | Tcheck | Ttotal | Status | Flags |
---|---|---|---|---|---|---|
r-devel-linux-x86_64-debian-clang | 0.2 | 41.16 | 115.11 | 156.27 | NOTE | |
r-devel-linux-x86_64-debian-gcc | 0.2 | 39.20 | 85.54 | 124.74 | NOTE | |
r-devel-linux-x86_64-fedora-clang | 0.2 | 215.04 | NOTE | |||
r-devel-linux-x86_64-fedora-gcc | 0.2 | 222.25 | NOTE | |||
r-devel-windows-x86_64 | 0.2 | 60.00 | 152.00 | 212.00 | NOTE | |
r-patched-linux-x86_64 | 0.2 | 48.08 | 110.22 | 158.30 | OK | |
r-release-linux-x86_64 | 0.2 | 42.10 | 112.14 | 154.24 | OK | |
r-release-macos-arm64 | 0.2 | 52.00 | OK | |||
r-release-macos-x86_64 | 0.2 | 71.00 | OK | |||
r-release-windows-x86_64 | 0.2 | 52.00 | 154.00 | 206.00 | OK | |
r-oldrel-macos-arm64 | 0.2 | 62.00 | OK | |||
r-oldrel-macos-x86_64 | 0.2 | 105.00 | OK | |||
r-oldrel-windows-ix86+x86_64 | 0.2 | 118.00 | 169.00 | 287.00 | OK |
Version: 0.2
Check: C++ specification
Result: NOTE
Specified C++11: please update to current default of C++17
Flavors: r-devel-linux-x86_64-debian-clang, r-devel-linux-x86_64-debian-gcc, r-devel-linux-x86_64-fedora-clang, r-devel-linux-x86_64-fedora-gcc, r-devel-windows-x86_64