Last updated on 2022-05-28 04:55:03 CEST.
Flavor | Version | Tinstall | Tcheck | Ttotal | Status | Flags |
---|---|---|---|---|---|---|
r-devel-linux-x86_64-debian-clang | 0.1.2 | 29.81 | 99.20 | 129.01 | OK | |
r-devel-linux-x86_64-debian-gcc | 0.1.2 | 23.00 | 74.46 | 97.46 | OK | |
r-devel-linux-x86_64-fedora-clang | 0.1.2 | 167.35 | NOTE | |||
r-devel-linux-x86_64-fedora-gcc | 0.1.2 | 145.94 | NOTE | |||
r-devel-windows-x86_64 | 0.1.2 | 57.00 | 141.00 | 198.00 | OK | |
r-patched-linux-x86_64 | 0.1.2 | 24.93 | 93.86 | 118.79 | OK | |
r-release-linux-x86_64 | 0.1.2 | 23.92 | 94.48 | 118.40 | OK | |
r-release-macos-arm64 | 0.1.2 | 51.00 | NOTE | |||
r-release-macos-x86_64 | 0.1.2 | 64.00 | OK | |||
r-release-windows-x86_64 | 0.1.2 | 69.00 | 145.00 | 214.00 | OK | |
r-oldrel-macos-arm64 | 0.1.2 | 64.00 | NOTE | |||
r-oldrel-macos-x86_64 | 0.1.2 | 100.00 | NOTE | |||
r-oldrel-windows-ix86+x86_64 | 0.1.2 | 71.00 | 160.00 | 231.00 | OK |
Version: 0.1.2
Check: package dependencies
Result: NOTE
Packages suggested but not available for checking:
'flowMerge', 'flowClust', 'flowCore'
Flavors: r-devel-linux-x86_64-fedora-clang, r-devel-linux-x86_64-fedora-gcc, r-release-macos-arm64
Version: 0.1.2
Check: Rd cross-references
Result: NOTE
Packages unavailable to check Rd xrefs: ‘flowClust’, ‘flowMerge’
Flavors: r-devel-linux-x86_64-fedora-clang, r-devel-linux-x86_64-fedora-gcc, r-release-macos-arm64, r-oldrel-macos-arm64, r-oldrel-macos-x86_64
Version: 0.1.2
Check: package dependencies
Result: NOTE
Packages suggested but not available for checking: 'flowMerge', 'flowClust'
Flavors: r-oldrel-macos-arm64, r-oldrel-macos-x86_64