CRAN Package Check Results for Package seminr

Last updated on 2022-05-23 18:50:42 CEST.

Flavor Version Tinstall Tcheck Ttotal Status Flags
r-devel-linux-x86_64-debian-clang 2.3.0 8.23 159.78 168.01 OK
r-devel-linux-x86_64-debian-gcc 2.3.0 5.72 115.31 121.03 OK
r-devel-linux-x86_64-fedora-clang 2.3.0 201.06 NOTE
r-devel-linux-x86_64-fedora-gcc 2.3.0 208.54 NOTE
r-devel-windows-x86_64 2.3.0 114.00 403.00 517.00 OK
r-patched-linux-x86_64 2.3.0 8.20 147.11 155.31 OK
r-release-linux-x86_64 2.3.0 OK
r-release-macos-arm64 2.3.0 122.00 NOTE
r-release-macos-x86_64 2.3.0 214.00 NOTE
r-release-windows-x86_64 2.3.0 121.00 403.00 524.00 OK
r-oldrel-macos-arm64 2.3.0 127.00 NOTE
r-oldrel-macos-x86_64 2.3.0 176.00 NOTE
r-oldrel-windows-ix86+x86_64 2.3.0 17.00 431.00 448.00 OK

Check Details

Version: 2.3.0
Check: dependencies in R code
Result: NOTE
    Namespaces in Imports field not imported from:
     ‘knitr’ ‘rmarkdown’ ‘webp’
     All declared Imports should be used.
Flavors: r-devel-linux-x86_64-fedora-clang, r-devel-linux-x86_64-fedora-gcc, r-release-macos-arm64, r-release-macos-x86_64, r-oldrel-macos-arm64, r-oldrel-macos-x86_64