CRAN Package Check Results for Package seqgendiff

Last updated on 2022-05-29 13:51:27 CEST.

Flavor Version Tinstall Tcheck Ttotal Status Flags
r-devel-linux-x86_64-debian-clang 1.2.3 3.31 196.53 199.84 OK
r-devel-linux-x86_64-debian-gcc 1.2.3 3.03 142.00 145.03 OK
r-devel-linux-x86_64-fedora-clang 1.2.3 250.01 OK
r-devel-linux-x86_64-fedora-gcc 1.2.3 229.80 OK
r-devel-windows-x86_64 1.2.3 21.00 210.00 231.00 OK
r-patched-linux-x86_64 1.2.3 3.84 194.67 198.51 OK
r-release-linux-x86_64 1.2.3 2.48 184.87 187.35 OK
r-release-macos-arm64 1.2.3 69.00 OK
r-release-macos-x86_64 1.2.3 73.00 NOTE
r-release-windows-x86_64 1.2.3 25.00 211.00 236.00 OK
r-oldrel-macos-arm64 1.2.3 62.00 OK
r-oldrel-macos-x86_64 1.2.3 61.00 NOTE
r-oldrel-windows-ix86+x86_64 1.2.3 10.00 228.00 238.00 OK

Check Details

Version: 1.2.3
Check: package dependencies
Result: NOTE
    Package suggested but not available for checking: ‘airway’
Flavors: r-release-macos-x86_64, r-oldrel-macos-x86_64