CRAN Package Check Results for Package sequences

Last updated on 2022-05-16 12:55:11 CEST.

Flavor Version Tinstall Tcheck Ttotal Status Flags
r-devel-linux-x86_64-debian-clang 0.5.9 12.57 47.88 60.45 OK
r-devel-linux-x86_64-debian-gcc 0.5.9 10.99 37.22 48.21 OK
r-devel-linux-x86_64-fedora-clang 0.5.9 80.80 NOTE
r-devel-linux-x86_64-fedora-gcc 0.5.9 77.23 NOTE
r-devel-windows-x86_64 0.5.9 52.00 96.00 148.00 OK
r-patched-linux-x86_64 0.5.9 10.75 45.65 56.40 OK
r-release-linux-x86_64 0.5.9 11.68 45.55 57.23 OK
r-release-macos-arm64 0.5.9 26.00 OK
r-release-macos-x86_64 0.5.9 36.00 OK
r-release-windows-x86_64 0.5.9 55.00 100.00 155.00 OK
r-oldrel-macos-arm64 0.5.9 38.00 OK
r-oldrel-macos-x86_64 0.5.9 49.00 OK
r-oldrel-windows-ix86+x86_64 0.5.9 37.00 96.00 133.00 OK

Check Details

Version: 0.5.9
Check: compiled code
Result: NOTE
    File ‘sequences/libs/sequences.so’:
     Found no calls to: ‘R_registerRoutines’, ‘R_useDynamicSymbols’
    
    It is good practice to register native routines and to disable symbol
    search.
    
    See ‘Writing portable packages’ in the ‘Writing R Extensions’ manual.
Flavors: r-devel-linux-x86_64-fedora-clang, r-devel-linux-x86_64-fedora-gcc