Last updated on 2022-05-20 05:54:39 CEST.
Flavor | Version | Tinstall | Tcheck | Ttotal | Status | Flags |
---|---|---|---|---|---|---|
r-devel-linux-x86_64-debian-clang | 1.1-13 | 7.03 | 88.58 | 95.61 | OK | |
r-devel-linux-x86_64-debian-gcc | 1.1-13 | 6.90 | 66.29 | 73.19 | OK | |
r-devel-linux-x86_64-fedora-clang | 1.1-13 | 112.94 | OK | |||
r-devel-linux-x86_64-fedora-gcc | 1.1-13 | 111.16 | OK | |||
r-devel-windows-x86_64 | 1.1-13 | 86.00 | 134.00 | 220.00 | OK | |
r-patched-linux-x86_64 | 1.1-13 | 11.40 | 79.77 | 91.17 | OK | |
r-release-linux-x86_64 | 1.1-13 | 7.23 | 80.80 | 88.03 | OK | |
r-release-macos-arm64 | 1.1-13 | 35.00 | OK | |||
r-release-macos-x86_64 | 1.1-13 | 52.00 | OK | |||
r-release-windows-x86_64 | 1.1-13 | 84.00 | 137.00 | 221.00 | OK | |
r-oldrel-macos-arm64 | 1.1-13 | 33.00 | NOTE | |||
r-oldrel-macos-x86_64 | 1.1-13 | 52.00 | OK | |||
r-oldrel-windows-ix86+x86_64 | 1.1-13 | 14.00 | 114.00 | 128.00 | OK |
Version: 1.1-13
Check: package dependencies
Result: NOTE
Package which this enhances but not available for checking: ‘polynom’
Flavor: r-oldrel-macos-arm64