Last updated on 2022-05-22 11:51:53 CEST.
Flavor | Version | Tinstall | Tcheck | Ttotal | Status | Flags |
---|---|---|---|---|---|---|
r-devel-linux-x86_64-debian-clang | 0.2.5 | 15.22 | 172.59 | 187.81 | NOTE | |
r-devel-linux-x86_64-debian-gcc | 0.2.5 | 9.07 | 129.49 | 138.56 | NOTE | |
r-devel-linux-x86_64-fedora-clang | 0.2.5 | 238.25 | NOTE | |||
r-devel-linux-x86_64-fedora-gcc | 0.2.5 | 241.41 | NOTE | |||
r-devel-windows-x86_64 | 0.2.5 | 127.00 | 245.00 | 372.00 | NOTE | |
r-patched-linux-x86_64 | 0.2.5 | 12.42 | 166.23 | 178.65 | NOTE | |
r-release-linux-x86_64 | 0.2.5 | 13.48 | 166.57 | 180.05 | NOTE | |
r-release-macos-arm64 | 0.2.5 | 70.00 | NOTE | |||
r-release-macos-x86_64 | 0.2.5 | 85.00 | NOTE | |||
r-release-windows-x86_64 | 0.2.5 | 128.00 | 234.00 | 362.00 | NOTE | |
r-oldrel-macos-arm64 | 0.2.5 | 74.00 | NOTE | |||
r-oldrel-macos-x86_64 | 0.2.5 | 119.00 | NOTE | |||
r-oldrel-windows-ix86+x86_64 | 0.2.5 | 38.00 | 237.00 | 275.00 | NOTE |
Version: 0.2.5
Check: LazyData
Result: NOTE
'LazyData' is specified without a 'data' directory
Flavors: r-devel-linux-x86_64-debian-clang, r-devel-linux-x86_64-debian-gcc, r-devel-linux-x86_64-fedora-clang, r-devel-linux-x86_64-fedora-gcc, r-devel-windows-x86_64, r-patched-linux-x86_64, r-release-linux-x86_64, r-release-macos-arm64, r-release-macos-x86_64, r-release-windows-x86_64, r-oldrel-macos-arm64, r-oldrel-macos-x86_64, r-oldrel-windows-ix86+x86_64