CRAN Package Check Results for Package sgmodel

Last updated on 2022-05-17 02:53:20 CEST.

Flavor Version Tinstall Tcheck Ttotal Status Flags
r-devel-linux-x86_64-debian-clang 0.1.1 5.35 73.02 78.37 NOTE
r-devel-linux-x86_64-debian-gcc 0.1.1 4.49 54.61 59.10 NOTE
r-devel-linux-x86_64-fedora-clang 0.1.1 91.17 NOTE
r-devel-linux-x86_64-fedora-gcc 0.1.1 89.79 NOTE
r-devel-windows-x86_64 0.1.1 16.00 93.00 109.00 NOTE
r-patched-linux-x86_64 0.1.1 5.23 67.20 72.43 NOTE
r-release-linux-x86_64 0.1.1 4.45 68.18 72.63 NOTE
r-release-macos-arm64 0.1.1 28.00 NOTE
r-release-macos-x86_64 0.1.1 51.00 NOTE
r-release-windows-x86_64 0.1.1 14.00 98.00 112.00 NOTE
r-oldrel-macos-arm64 0.1.1 36.00 NOTE
r-oldrel-macos-x86_64 0.1.1 45.00 NOTE
r-oldrel-windows-ix86+x86_64 0.1.1 15.00 94.00 109.00 NOTE

Check Details

Version: 0.1.1
Check: LazyData
Result: NOTE
     'LazyData' is specified without a 'data' directory
Flavors: r-devel-linux-x86_64-debian-clang, r-devel-linux-x86_64-debian-gcc, r-devel-linux-x86_64-fedora-clang, r-devel-linux-x86_64-fedora-gcc, r-devel-windows-x86_64, r-patched-linux-x86_64, r-release-linux-x86_64, r-release-macos-arm64, r-release-macos-x86_64, r-release-windows-x86_64, r-oldrel-macos-arm64, r-oldrel-macos-x86_64, r-oldrel-windows-ix86+x86_64