CRAN Package Check Results for Package shapeNA

Last updated on 2022-05-23 05:52:52 CEST.

Flavor Version Tinstall Tcheck Ttotal Status Flags
r-devel-linux-x86_64-debian-clang 0.0.2 2.67 37.39 40.06 NOTE
r-devel-linux-x86_64-debian-gcc 0.0.2 2.30 28.72 31.02 NOTE
r-devel-linux-x86_64-fedora-clang 0.0.2 48.29 NOTE
r-devel-linux-x86_64-fedora-gcc 0.0.2 36.57 NOTE
r-devel-windows-x86_64 0.0.2 16.00 55.00 71.00 NOTE
r-patched-linux-x86_64 0.0.2 3.09 35.20 38.29 NOTE
r-release-linux-x86_64 0.0.2 NOTE
r-release-macos-arm64 0.0.2 16.00 NOTE
r-release-macos-x86_64 0.0.2 22.00 NOTE
r-release-windows-x86_64 0.0.2 17.00 63.00 80.00 NOTE
r-oldrel-macos-arm64 0.0.2 22.00 NOTE
r-oldrel-macos-x86_64 0.0.2 27.00 NOTE
r-oldrel-windows-ix86+x86_64 0.0.2 6.00 47.00 53.00 NOTE

Check Details

Version: 0.0.2
Check: LazyData
Result: NOTE
     'LazyData' is specified without a 'data' directory
Flavors: r-devel-linux-x86_64-debian-clang, r-devel-linux-x86_64-debian-gcc, r-devel-linux-x86_64-fedora-clang, r-devel-linux-x86_64-fedora-gcc, r-devel-windows-x86_64, r-patched-linux-x86_64, r-release-linux-x86_64, r-release-macos-arm64, r-release-macos-x86_64, r-release-windows-x86_64, r-oldrel-macos-arm64, r-oldrel-macos-x86_64, r-oldrel-windows-ix86+x86_64

Version: 0.0.2
Check: dependencies in R code
Result: NOTE
    Namespace in Imports field not imported from: ‘stats’
     All declared Imports should be used.
Flavors: r-devel-linux-x86_64-fedora-clang, r-devel-linux-x86_64-fedora-gcc, r-release-macos-arm64, r-release-macos-x86_64, r-oldrel-macos-arm64, r-oldrel-macos-x86_64