CRAN Package Check Results for Package shinyKGode

Last updated on 2022-05-28 18:51:25 CEST.

Flavor Version Tinstall Tcheck Ttotal Status Flags
r-devel-linux-x86_64-debian-clang 1.0.5 2.16 31.56 33.72 NOTE
r-devel-linux-x86_64-debian-gcc 1.0.5 1.82 24.21 26.03 NOTE
r-devel-linux-x86_64-fedora-clang 1.0.5 39.84 NOTE
r-devel-linux-x86_64-fedora-gcc 1.0.5 28.77 NOTE
r-devel-windows-x86_64 1.0.5 12.00 47.00 59.00 NOTE
r-patched-linux-x86_64 1.0.5 2.30 29.65 31.95 NOTE
r-release-linux-x86_64 1.0.5 1.56 29.82 31.38 NOTE
r-release-macos-arm64 1.0.5 16.00 NOTE
r-release-macos-x86_64 1.0.5 23.00 NOTE
r-release-windows-x86_64 1.0.5 12.00 45.00 57.00 NOTE
r-oldrel-macos-arm64 1.0.5 18.00 NOTE
r-oldrel-macos-x86_64 1.0.5 27.00 NOTE
r-oldrel-windows-ix86+x86_64 1.0.5 6.00 38.00 44.00 NOTE

Check Details

Version: 1.0.5
Check: LazyData
Result: NOTE
     'LazyData' is specified without a 'data' directory
Flavors: r-devel-linux-x86_64-debian-clang, r-devel-linux-x86_64-debian-gcc, r-devel-linux-x86_64-fedora-clang, r-devel-linux-x86_64-fedora-gcc, r-devel-windows-x86_64, r-patched-linux-x86_64, r-release-linux-x86_64, r-release-macos-arm64, r-release-macos-x86_64, r-release-windows-x86_64, r-oldrel-macos-arm64, r-oldrel-macos-x86_64, r-oldrel-windows-ix86+x86_64

Version: 1.0.5
Check: dependencies in R code
Result: NOTE
    Namespaces in Imports field not imported from:
     ‘KGode’ ‘XML’ ‘ggplot2’ ‘gridExtra’ ‘mvtnorm’ ‘reshape2’ ‘shinyjs’
     All declared Imports should be used.
Flavors: r-devel-linux-x86_64-fedora-clang, r-devel-linux-x86_64-fedora-gcc, r-release-macos-arm64, r-release-macos-x86_64, r-oldrel-macos-arm64, r-oldrel-macos-x86_64