CRAN Package Check Results for Package shinyMolBio

Last updated on 2024-04-23 20:52:18 CEST.

Flavor Version Tinstall Tcheck Ttotal Status Flags
r-devel-linux-x86_64-debian-clang 0.2 9.96 77.00 86.96 NOTE
r-devel-linux-x86_64-debian-gcc 0.2 6.98 56.45 63.43 NOTE
r-devel-linux-x86_64-fedora-clang 0.2 107.79 NOTE
r-devel-linux-x86_64-fedora-gcc 0.2 100.16 NOTE
r-prerel-macos-arm64 0.2 32.00 NOTE
r-prerel-windows-x86_64 0.2 8.00 73.00 81.00 NOTE
r-patched-linux-x86_64 0.2 7.54 74.48 82.02 NOTE
r-release-linux-x86_64 0.2 5.84 70.50 76.34 NOTE
r-release-macos-arm64 0.2 35.00 NOTE
r-release-macos-x86_64 0.2 54.00 NOTE
r-release-windows-x86_64 0.2 11.00 87.00 98.00 NOTE
r-oldrel-macos-arm64 0.2 35.00 NOTE
r-oldrel-windows-x86_64 0.2 12.00 92.00 104.00 NOTE

Check Details

Version: 0.2
Check: LazyData
Result: NOTE 'LazyData' is specified without a 'data' directory Flavors: r-devel-linux-x86_64-debian-clang, r-devel-linux-x86_64-debian-gcc, r-devel-linux-x86_64-fedora-clang, r-devel-linux-x86_64-fedora-gcc, r-prerel-macos-arm64, r-prerel-windows-x86_64, r-patched-linux-x86_64, r-release-linux-x86_64, r-release-macos-arm64, r-release-macos-x86_64, r-release-windows-x86_64, r-oldrel-macos-arm64, r-oldrel-windows-x86_64