CRAN Package Check Results for Package shinyhelper

Last updated on 2022-05-19 20:49:12 CEST.

Flavor Version Tinstall Tcheck Ttotal Status Flags
r-devel-linux-x86_64-debian-clang 0.3.2 2.13 31.16 33.29 OK
r-devel-linux-x86_64-debian-gcc 0.3.2 1.41 24.11 25.52 OK
r-devel-linux-x86_64-fedora-clang 0.3.2 39.71 NOTE
r-devel-linux-x86_64-fedora-gcc 0.3.2 39.55 NOTE
r-devel-windows-x86_64 0.3.2 33.00 45.00 78.00 OK
r-patched-linux-x86_64 0.3.2 1.78 29.86 31.64 OK
r-release-linux-x86_64 0.3.2 1.97 30.38 32.35 OK
r-release-macos-arm64 0.3.2 14.00 NOTE
r-release-macos-x86_64 0.3.2 28.00 NOTE
r-release-windows-x86_64 0.3.2 22.00 47.00 69.00 OK
r-oldrel-macos-arm64 0.3.2 18.00 NOTE
r-oldrel-macos-x86_64 0.3.2 26.00 NOTE
r-oldrel-windows-ix86+x86_64 0.3.2 6.00 48.00 54.00 OK

Check Details

Version: 0.3.2
Check: dependencies in R code
Result: NOTE
    Namespace in Imports field not imported from: ‘markdown’
     All declared Imports should be used.
Flavors: r-devel-linux-x86_64-fedora-clang, r-devel-linux-x86_64-fedora-gcc, r-release-macos-arm64, r-release-macos-x86_64, r-oldrel-macos-arm64, r-oldrel-macos-x86_64