CRAN Package Check Results for Package shinyobjects

Last updated on 2024-05-26 08:56:24 CEST.

Flavor Version Tinstall Tcheck Ttotal Status Flags
r-devel-linux-x86_64-debian-clang 0.2.0 7.97 74.38 82.35 NOTE
r-devel-linux-x86_64-debian-gcc 0.2.0 6.06 55.46 61.52 NOTE
r-devel-linux-x86_64-fedora-clang 0.2.0 106.07 NOTE
r-devel-linux-x86_64-fedora-gcc 0.2.0 111.70 NOTE
r-devel-windows-x86_64 0.2.0 10.00 79.00 89.00 NOTE
r-patched-linux-x86_64 0.2.0 6.73 71.77 78.50 NOTE
r-release-linux-x86_64 0.2.0 4.95 71.98 76.93 NOTE
r-release-macos-arm64 0.2.0 39.00 NOTE
r-release-windows-x86_64 0.2.0 9.00 80.00 89.00 NOTE
r-oldrel-macos-arm64 0.2.0 34.00 NOTE
r-oldrel-macos-x86_64 0.2.0 60.00 NOTE
r-oldrel-windows-x86_64 0.2.0 10.00 91.00 101.00 NOTE

Check Details

Version: 0.2.0
Check: LazyData
Result: NOTE 'LazyData' is specified without a 'data' directory Flavors: r-devel-linux-x86_64-debian-clang, r-devel-linux-x86_64-debian-gcc, r-devel-linux-x86_64-fedora-clang, r-devel-linux-x86_64-fedora-gcc, r-devel-windows-x86_64, r-patched-linux-x86_64, r-release-linux-x86_64, r-release-macos-arm64, r-release-windows-x86_64, r-oldrel-macos-arm64, r-oldrel-macos-x86_64, r-oldrel-windows-x86_64

Version: 0.2.0
Check: dependencies in R code
Result: NOTE Namespace in Imports field not imported from: ‘purrr’ All declared Imports should be used. Flavors: r-devel-linux-x86_64-fedora-clang, r-devel-linux-x86_64-fedora-gcc