CRAN Package Check Results for Package shinypanels

Last updated on 2022-05-20 21:53:02 CEST.

Flavor Version Tinstall Tcheck Ttotal Status Flags
r-devel-linux-x86_64-debian-clang 0.5.0 3.35 39.16 42.51 NOTE
r-devel-linux-x86_64-debian-gcc 0.5.0 2.09 29.77 31.86 NOTE
r-devel-linux-x86_64-fedora-clang 0.5.0 49.46 NOTE
r-devel-linux-x86_64-fedora-gcc 0.5.0 49.93 NOTE
r-devel-windows-x86_64 0.5.0 27.00 53.00 80.00 NOTE
r-patched-linux-x86_64 0.5.0 1.95 37.14 39.09 NOTE
r-release-linux-x86_64 0.5.0 2.11 37.50 39.61 NOTE
r-release-macos-arm64 0.5.0 18.00 NOTE
r-release-macos-x86_64 0.5.0 33.00 NOTE
r-release-windows-x86_64 0.5.0 17.00 57.00 74.00 NOTE
r-oldrel-macos-arm64 0.5.0 18.00 NOTE
r-oldrel-macos-x86_64 0.5.0 27.00 NOTE
r-oldrel-windows-ix86+x86_64 0.5.0 9.00 47.00 56.00 NOTE

Check Details

Version: 0.5.0
Check: LazyData
Result: NOTE
     'LazyData' is specified without a 'data' directory
Flavors: r-devel-linux-x86_64-debian-clang, r-devel-linux-x86_64-debian-gcc, r-devel-linux-x86_64-fedora-clang, r-devel-linux-x86_64-fedora-gcc, r-devel-windows-x86_64, r-patched-linux-x86_64, r-release-linux-x86_64, r-release-macos-arm64, r-release-macos-x86_64, r-release-windows-x86_64, r-oldrel-macos-arm64, r-oldrel-macos-x86_64, r-oldrel-windows-ix86+x86_64

Version: 0.5.0
Check: dependencies in R code
Result: NOTE
    Namespaces in Imports field not imported from:
     ‘shiny’ ‘shinyjs’
     All declared Imports should be used.
Flavors: r-devel-linux-x86_64-fedora-clang, r-devel-linux-x86_64-fedora-gcc, r-release-macos-arm64, r-release-macos-x86_64, r-oldrel-macos-arm64, r-oldrel-macos-x86_64