CRAN Package Check Results for Package shinytest2

Last updated on 2023-02-04 08:57:47 CET.

Flavor Version Tinstall Tcheck Ttotal Status Flags
r-devel-linux-x86_64-debian-clang 0.2.0 12.08 82.91 94.99 NOTE
r-devel-linux-x86_64-debian-gcc 0.2.0 11.64 62.53 74.17 NOTE
r-devel-linux-x86_64-fedora-clang 0.2.0 176.22 NOTE
r-devel-linux-x86_64-fedora-gcc 0.2.0 185.53 NOTE
r-devel-windows-x86_64 0.2.0 128.00 135.00 263.00 NOTE
r-patched-linux-x86_64 0.2.0 16.83 78.32 95.15 OK
r-release-linux-x86_64 0.2.0 10.24 73.16 83.40 OK
r-release-macos-arm64 0.2.0 70.00 OK
r-release-macos-x86_64 0.2.0 56.00 OK
r-release-windows-x86_64 0.2.0 92.00 146.00 238.00 OK
r-oldrel-macos-arm64 0.2.0 76.00 OK
r-oldrel-macos-x86_64 0.2.0 65.00 OK
r-oldrel-windows-ix86+x86_64 0.2.0 30.00 137.00 167.00 OK

Check Details

Version: 0.2.0
Check: C++ specification
Result: NOTE
     Specified C++11: please update to current default of C++17
Flavors: r-devel-linux-x86_64-debian-clang, r-devel-linux-x86_64-debian-gcc, r-devel-linux-x86_64-fedora-clang, r-devel-linux-x86_64-fedora-gcc, r-devel-windows-x86_64

Version: 0.2.0
Check: for detritus in the temp directory
Result: NOTE
    Found the following files/directories:
     ‘Crashpad’
Flavors: r-devel-linux-x86_64-fedora-clang, r-devel-linux-x86_64-fedora-gcc