CRAN Package Check Results for Package shinytoastr

Last updated on 2022-06-27 09:50:26 CEST.

Flavor Version Tinstall Tcheck Ttotal Status Flags
r-devel-linux-x86_64-debian-clang 2.1.1 3.32 35.24 38.56 NOTE
r-devel-linux-x86_64-debian-gcc 2.1.1 2.90 27.85 30.75 NOTE
r-devel-linux-x86_64-fedora-clang 2.1.1 57.94 NOTE
r-devel-linux-x86_64-fedora-gcc 2.1.1 56.91 NOTE
r-devel-windows-x86_64 2.1.1 14.00 60.00 74.00 NOTE
r-patched-linux-x86_64 2.1.1 3.73 34.23 37.96 NOTE
r-release-linux-x86_64 2.1.1 3.03 34.93 37.96 NOTE
r-release-macos-arm64 2.1.1 16.00 NOTE
r-release-macos-x86_64 2.1.1 35.00 NOTE
r-release-windows-x86_64 2.1.1 19.00 60.00 79.00 NOTE
r-oldrel-macos-arm64 2.1.1 21.00 NOTE
r-oldrel-macos-x86_64 2.1.1 32.00 NOTE
r-oldrel-windows-ix86+x86_64 2.1.1 10.00 57.00 67.00 NOTE

Check Details

Version: 2.1.1
Check: LazyData
Result: NOTE
     'LazyData' is specified without a 'data' directory
Flavors: r-devel-linux-x86_64-debian-clang, r-devel-linux-x86_64-debian-gcc, r-devel-linux-x86_64-fedora-clang, r-devel-linux-x86_64-fedora-gcc, r-devel-windows-x86_64, r-patched-linux-x86_64, r-release-linux-x86_64, r-release-macos-arm64, r-release-macos-x86_64, r-release-windows-x86_64, r-oldrel-macos-arm64, r-oldrel-macos-x86_64, r-oldrel-windows-ix86+x86_64