CRAN Package Check Results for Package sievePH

Last updated on 2022-01-16 18:49:25 CET.

Flavor Version Tinstall Tcheck Ttotal Status Flags
r-devel-linux-x86_64-debian-clang 1.0.1 10.06 87.35 97.41 NOTE
r-devel-linux-x86_64-debian-gcc 1.0.1 8.35 67.21 75.56 NOTE
r-devel-linux-x86_64-fedora-clang 1.0.1 118.25 NOTE
r-devel-linux-x86_64-fedora-gcc 1.0.1 116.45 NOTE
r-devel-windows-x86_64-new-UL 1.0.1 34.00 101.00 135.00 NOTE
r-devel-windows-x86_64-new-TK 1.0.1 NOTE
r-patched-linux-x86_64 1.0.1 11.02 86.49 97.51 NOTE
r-release-linux-x86_64 1.0.1 NOTE
r-release-macos-arm64 1.0.1 NOTE
r-release-macos-x86_64 1.0.1 NOTE
r-release-windows-ix86+x86_64 1.0.1 19.00 102.00 121.00 NOTE
r-oldrel-macos-x86_64 1.0.1 OK
r-oldrel-windows-ix86+x86_64 1.0.1 20.00 101.00 121.00 OK

Check Details

Version: 1.0.1
Check: LazyData
Result: NOTE
     'LazyData' is specified without a 'data' directory
Flavors: r-devel-linux-x86_64-debian-clang, r-devel-linux-x86_64-debian-gcc, r-devel-linux-x86_64-fedora-clang, r-devel-linux-x86_64-fedora-gcc, r-devel-windows-x86_64-new-UL, r-devel-windows-x86_64-new-TK, r-patched-linux-x86_64, r-release-linux-x86_64, r-release-macos-arm64, r-release-macos-x86_64, r-release-windows-ix86+x86_64