CRAN Package Check Results for Package sigmoid

Last updated on 2022-05-24 17:51:37 CEST.

Flavor Version Tinstall Tcheck Ttotal Status Flags
r-devel-linux-x86_64-debian-clang 0.3.0 1.66 36.64 38.30 NOTE
r-devel-linux-x86_64-debian-gcc 0.3.0 1.25 29.01 30.26 NOTE
r-devel-linux-x86_64-fedora-clang 0.3.0 48.28 NOTE
r-devel-linux-x86_64-fedora-gcc 0.3.0 36.20 NOTE
r-devel-windows-x86_64 0.3.0 19.00 58.00 77.00 NOTE
r-patched-linux-x86_64 0.3.0 2.36 35.69 38.05 NOTE
r-release-linux-x86_64 0.3.0 NOTE
r-release-macos-arm64 0.3.0 17.00 NOTE
r-release-macos-x86_64 0.3.0 26.00 NOTE
r-release-windows-x86_64 0.3.0 19.00 59.00 78.00 NOTE
r-oldrel-macos-arm64 0.3.0 21.00 NOTE
r-oldrel-macos-x86_64 0.3.0 33.00 NOTE
r-oldrel-windows-ix86+x86_64 0.3.0 5.00 52.00 57.00 NOTE

Check Details

Version: 0.3.0
Check: LazyData
Result: NOTE
     'LazyData' is specified without a 'data' directory
Flavors: r-devel-linux-x86_64-debian-clang, r-devel-linux-x86_64-debian-gcc, r-devel-linux-x86_64-fedora-clang, r-devel-linux-x86_64-fedora-gcc, r-devel-windows-x86_64, r-patched-linux-x86_64, r-release-linux-x86_64, r-release-macos-arm64, r-release-macos-x86_64, r-release-windows-x86_64, r-oldrel-macos-arm64, r-oldrel-macos-x86_64, r-oldrel-windows-ix86+x86_64