CRAN Package Check Results for Package simPop

Last updated on 2022-05-29 08:54:14 CEST.

Flavor Version Tinstall Tcheck Ttotal Status Flags
r-devel-linux-x86_64-debian-clang 1.2.1 86.96 204.25 291.21 OK
r-devel-linux-x86_64-debian-gcc 1.2.1 69.99 152.15 222.14 OK
r-devel-linux-x86_64-fedora-clang 1.2.1 365.01 OK
r-devel-linux-x86_64-fedora-gcc 1.2.1 333.47 OK
r-devel-windows-x86_64 1.2.1 96.00 240.00 336.00 OK
r-patched-linux-x86_64 1.2.1 75.18 199.01 274.19 OK
r-release-linux-x86_64 1.2.1 68.53 194.85 263.38 OK
r-release-macos-arm64 1.2.1 90.00 NOTE
r-release-macos-x86_64 1.2.1 153.00 NOTE
r-release-windows-x86_64 1.2.1 107.00 246.00 353.00 OK
r-oldrel-macos-arm64 1.2.1 118.00 NOTE
r-oldrel-macos-x86_64 1.2.1 169.00 NOTE
r-oldrel-windows-ix86+x86_64 1.2.1 198.00 328.00 526.00 NOTE

Check Details

Version: 1.2.1
Check: installed package size
Result: NOTE
     installed size is 5.2Mb
     sub-directories of 1Mb or more:
     data 2.0Mb
     libs 2.3Mb
Flavors: r-release-macos-arm64, r-release-macos-x86_64, r-oldrel-macos-arm64, r-oldrel-macos-x86_64, r-oldrel-windows-ix86+x86_64