CRAN Package Check Results for Package simest

Last updated on 2022-05-17 05:52:59 CEST.

Flavor Version Tinstall Tcheck Ttotal Status Flags
r-devel-linux-x86_64-debian-clang 0.4 12.72 100.23 112.95 NOTE
r-devel-linux-x86_64-debian-gcc 0.4 10.66 75.44 86.10 NOTE
r-devel-linux-x86_64-fedora-clang 0.4 132.94 NOTE
r-devel-linux-x86_64-fedora-gcc 0.4 132.33 NOTE
r-devel-windows-x86_64 0.4 26.00 116.00 142.00 NOTE
r-patched-linux-x86_64 0.4 14.09 95.27 109.36 NOTE
r-release-linux-x86_64 0.4 9.69 94.10 103.79 NOTE
r-release-macos-arm64 0.4 52.00 NOTE
r-release-macos-x86_64 0.4 52.00 NOTE
r-release-windows-x86_64 0.4 24.00 113.00 137.00 NOTE
r-oldrel-macos-arm64 0.4 44.00 NOTE
r-oldrel-macos-x86_64 0.4 78.00 NOTE
r-oldrel-windows-ix86+x86_64 0.4 31.00 141.00 172.00 NOTE

Check Details

Version: 0.4
Check: LazyData
Result: NOTE
     'LazyData' is specified without a 'data' directory
Flavors: r-devel-linux-x86_64-debian-clang, r-devel-linux-x86_64-debian-gcc, r-devel-linux-x86_64-fedora-clang, r-devel-linux-x86_64-fedora-gcc, r-devel-windows-x86_64, r-patched-linux-x86_64, r-release-linux-x86_64, r-release-macos-arm64, r-release-macos-x86_64, r-release-windows-x86_64, r-oldrel-macos-arm64, r-oldrel-macos-x86_64, r-oldrel-windows-ix86+x86_64