CRAN Package Check Results for Package simmer

Last updated on 2022-05-25 03:54:44 CEST.

Flavor Version Tinstall Tcheck Ttotal Status Flags
r-devel-linux-x86_64-debian-clang 4.4.4 103.08 121.53 224.61 OK
r-devel-linux-x86_64-debian-gcc 4.4.4 106.66 91.83 198.49 OK
r-devel-linux-x86_64-fedora-clang 4.4.4 303.29 NOTE
r-devel-linux-x86_64-fedora-gcc 4.4.4 300.33 OK
r-devel-windows-x86_64 4.4.4 157.00 223.00 380.00 OK
r-patched-linux-x86_64 4.4.4 114.28 117.23 231.51 OK
r-release-linux-x86_64 4.4.4 OK
r-release-macos-arm64 4.4.4 121.00 WARN
r-release-macos-x86_64 4.4.4 189.00 WARN
r-release-windows-x86_64 4.4.4 142.00 224.00 366.00 OK
r-oldrel-macos-arm64 4.4.4 88.00 NOTE
r-oldrel-macos-x86_64 4.4.4 129.00 NOTE
r-oldrel-windows-ix86+x86_64 4.4.4 268.00 201.00 469.00 NOTE

Check Details

Version: 4.4.4
Check: installed package size
Result: NOTE
     installed size is 10.9Mb
     sub-directories of 1Mb or more:
     doc 1.7Mb
     libs 8.7Mb
Flavors: r-devel-linux-x86_64-fedora-clang, r-release-macos-arm64, r-release-macos-x86_64, r-oldrel-macos-arm64, r-oldrel-macos-x86_64, r-oldrel-windows-ix86+x86_64

Version: 4.4.4
Check: re-building of vignette outputs
Result: WARN
    Error(s) in re-building vignettes:
    --- re-building ‘simmer-01-introduction.Rmd’ using rmarkdown
    --- finished re-building ‘simmer-01-introduction.Rmd’
    
    --- re-building ‘simmer-02-jss.Rmd’ using rmarkdown
    Loading required package: ggplot2
    
    Attaching package: 'simmer.plot'
    
    The following objects are masked from 'package:simmer':
    
     get_mon_arrivals, get_mon_attributes, get_mon_resources
    
    Warning: Removed 16144 row(s) containing missing values (geom_path).
    Warning: Removed 16144 row(s) containing missing values (geom_path).
    ! LaTeX Error: File `orcidlink.sty' not found.
    
    ! Emergency stop.
    <read *>
    
    Error: processing vignette 'simmer-02-jss.Rmd' failed with diagnostics:
    LaTeX failed to compile /Volumes/Builds/packages/big-sur-arm64/results/4.2/simmer.Rcheck/vign_test/simmer/vignettes/simmer-02-jss.tex. See https://yihui.org/tinytex/r/#debugging for debugging tips. See simmer-02-jss.log for more info.
    --- failed re-building ‘simmer-02-jss.Rmd’
    
    --- re-building ‘simmer-03-trajectories.Rmd’ using rmarkdown
    --- finished re-building ‘simmer-03-trajectories.Rmd’
    
    --- re-building ‘simmer-04-bank-1.Rmd’ using rmarkdown
    --- finished re-building ‘simmer-04-bank-1.Rmd’
    
    --- re-building ‘simmer-04-bank-2.Rmd’ using rmarkdown
    --- finished re-building ‘simmer-04-bank-2.Rmd’
    
    --- re-building ‘simmer-05-simpy.Rmd’ using rmarkdown
    --- finished re-building ‘simmer-05-simpy.Rmd’
    
    --- re-building ‘simmer-06-queueing.Rmd’ using rmarkdown
    --- finished re-building ‘simmer-06-queueing.Rmd’
    
    --- re-building ‘simmer-07-ctmc.Rmd’ using rmarkdown
    --- finished re-building ‘simmer-07-ctmc.Rmd’
    
    --- re-building ‘simmer-08-philosophers.Rmd’ using rmarkdown
    --- finished re-building ‘simmer-08-philosophers.Rmd’
    
    --- re-building ‘simmer-aa-5G.Rmd’ using rmarkdown
    --- finished re-building ‘simmer-aa-5G.Rmd’
    
    SUMMARY: processing the following file failed:
     ‘simmer-02-jss.Rmd’
    
    Error: Vignette re-building failed.
    Execution halted
Flavor: r-release-macos-arm64

Version: 4.4.4
Check: re-building of vignette outputs
Result: WARN
    Error(s) in re-building vignettes:
    --- re-building ‘simmer-01-introduction.Rmd’ using rmarkdown
    --- finished re-building ‘simmer-01-introduction.Rmd’
    
    --- re-building ‘simmer-02-jss.Rmd’ using rmarkdown
    Loading required package: ggplot2
    
    Attaching package: 'simmer.plot'
    
    The following objects are masked from 'package:simmer':
    
     get_mon_arrivals, get_mon_attributes, get_mon_resources
    
    Warning: Removed 16144 row(s) containing missing values (geom_path).
    Warning: Removed 16144 row(s) containing missing values (geom_path).
    ! LaTeX Error: File `orcidlink.sty' not found.
    
    ! Emergency stop.
    <read *>
    
    Error: processing vignette 'simmer-02-jss.Rmd' failed with diagnostics:
    LaTeX failed to compile /Volumes/Builds/packages/high-sierra-x86_64/results/4.2/simmer.Rcheck/vign_test/simmer/vignettes/simmer-02-jss.tex. See https://yihui.org/tinytex/r/#debugging for debugging tips. See simmer-02-jss.log for more info.
    --- failed re-building ‘simmer-02-jss.Rmd’
    
    --- re-building ‘simmer-03-trajectories.Rmd’ using rmarkdown
    --- finished re-building ‘simmer-03-trajectories.Rmd’
    
    --- re-building ‘simmer-04-bank-1.Rmd’ using rmarkdown
    --- finished re-building ‘simmer-04-bank-1.Rmd’
    
    --- re-building ‘simmer-04-bank-2.Rmd’ using rmarkdown
    --- finished re-building ‘simmer-04-bank-2.Rmd’
    
    --- re-building ‘simmer-05-simpy.Rmd’ using rmarkdown
    --- finished re-building ‘simmer-05-simpy.Rmd’
    
    --- re-building ‘simmer-06-queueing.Rmd’ using rmarkdown
    --- finished re-building ‘simmer-06-queueing.Rmd’
    
    --- re-building ‘simmer-07-ctmc.Rmd’ using rmarkdown
    --- finished re-building ‘simmer-07-ctmc.Rmd’
    
    --- re-building ‘simmer-08-philosophers.Rmd’ using rmarkdown
    --- finished re-building ‘simmer-08-philosophers.Rmd’
    
    --- re-building ‘simmer-aa-5G.Rmd’ using rmarkdown
    --- finished re-building ‘simmer-aa-5G.Rmd’
    
    SUMMARY: processing the following file failed:
     ‘simmer-02-jss.Rmd’
    
    Error: Vignette re-building failed.
    Execution halted
Flavor: r-release-macos-x86_64