Last updated on 2022-05-24 06:50:53 CEST.
Flavor | Version | Tinstall | Tcheck | Ttotal | Status | Flags |
---|---|---|---|---|---|---|
r-devel-linux-x86_64-debian-clang | 0.0.3 | 4.74 | 68.03 | 72.77 | OK | |
r-devel-linux-x86_64-debian-gcc | 0.0.3 | 3.69 | 51.57 | 55.26 | OK | |
r-devel-linux-x86_64-fedora-clang | 0.0.3 | 84.58 | OK | |||
r-devel-linux-x86_64-fedora-gcc | 0.0.3 | 73.20 | OK | |||
r-devel-windows-x86_64 | 0.0.3 | 18.00 | 106.00 | 124.00 | OK | |
r-patched-linux-x86_64 | 0.0.3 | 4.56 | 64.40 | 68.96 | OK | |
r-release-linux-x86_64 | 0.0.3 | OK | ||||
r-release-macos-arm64 | 0.0.3 | 26.00 | OK | |||
r-release-macos-x86_64 | 0.0.3 | 40.00 | NOTE | |||
r-release-windows-x86_64 | 0.0.3 | 20.00 | 106.00 | 126.00 | OK | |
r-oldrel-macos-arm64 | 0.0.3 | 34.00 | OK | |||
r-oldrel-macos-x86_64 | 0.0.3 | 42.00 | OK | |||
r-oldrel-windows-ix86+x86_64 | 0.0.3 | 12.00 | 93.00 | 105.00 | OK |
Version: 0.0.3
Check: package dependencies
Result: NOTE
Package suggested but not available for checking: ‘rjags’
Flavor: r-release-macos-x86_64