Last updated on 2022-05-17 09:52:44 CEST.
Flavor | Version | Tinstall | Tcheck | Ttotal | Status | Flags |
---|---|---|---|---|---|---|
r-devel-linux-x86_64-debian-clang | 1.0-11 | 4.90 | 95.91 | 100.81 | OK | |
r-devel-linux-x86_64-debian-gcc | 1.0-11 | 5.26 | 75.04 | 80.30 | OK | |
r-devel-linux-x86_64-fedora-clang | 1.0-11 | 122.06 | OK | |||
r-devel-linux-x86_64-fedora-gcc | 1.0-11 | 122.18 | OK | |||
r-devel-windows-x86_64 | 1.0-11 | 55.00 | 137.00 | 192.00 | OK | |
r-patched-linux-x86_64 | 1.0-11 | 7.04 | 91.94 | 98.98 | OK | |
r-release-linux-x86_64 | 1.0-11 | 6.00 | 92.48 | 98.48 | OK | |
r-release-macos-arm64 | 1.0-11 | 57.00 | NOTE | |||
r-release-macos-x86_64 | 1.0-11 | 77.00 | NOTE | |||
r-release-windows-x86_64 | 1.0-11 | 65.00 | 137.00 | 202.00 | OK | |
r-oldrel-macos-arm64 | 1.0-11 | 58.00 | NOTE | |||
r-oldrel-macos-x86_64 | 1.0-11 | 78.00 | NOTE | |||
r-oldrel-windows-ix86+x86_64 | 1.0-11 | 15.00 | 140.00 | 155.00 | OK |
Version: 1.0-11
Check: package dependencies
Result: NOTE
Package suggested but not available for checking: ‘Rmpi’
Flavors: r-release-macos-arm64, r-release-macos-x86_64, r-oldrel-macos-arm64, r-oldrel-macos-x86_64
Version: 1.0-11
Check: Rd cross-references
Result: NOTE
Package unavailable to check Rd xrefs: ‘Rmpi’
Flavors: r-release-macos-arm64, r-release-macos-x86_64, r-oldrel-macos-arm64, r-oldrel-macos-x86_64