Last updated on 2022-05-19 00:53:02 CEST.
Flavor | Version | Tinstall | Tcheck | Ttotal | Status | Flags |
---|---|---|---|---|---|---|
r-devel-linux-x86_64-debian-clang | 0.2.3 | 3.32 | 46.29 | 49.61 | OK | |
r-devel-linux-x86_64-debian-gcc | 0.2.3 | 2.53 | 34.72 | 37.25 | OK | |
r-devel-linux-x86_64-fedora-clang | 0.2.3 | 58.37 | NOTE | |||
r-devel-linux-x86_64-fedora-gcc | 0.2.3 | 57.19 | NOTE | |||
r-devel-windows-x86_64 | 0.2.3 | 12.00 | 62.00 | 74.00 | OK | |
r-patched-linux-x86_64 | 0.2.3 | 2.92 | 44.89 | 47.81 | OK | |
r-release-linux-x86_64 | 0.2.3 | 3.08 | 44.14 | 47.22 | OK | |
r-release-macos-arm64 | 0.2.3 | 18.00 | NOTE | |||
r-release-macos-x86_64 | 0.2.3 | 38.00 | NOTE | |||
r-release-windows-x86_64 | 0.2.3 | 10.00 | 62.00 | 72.00 | OK | |
r-oldrel-macos-arm64 | 0.2.3 | 30.00 | NOTE | |||
r-oldrel-macos-x86_64 | 0.2.3 | 47.00 | NOTE | |||
r-oldrel-windows-ix86+x86_64 | 0.2.3 | 10.00 | 64.00 | 74.00 | OK |
Version: 0.2.3
Check: dependencies in R code
Result: NOTE
Namespaces in Imports field not imported from:
‘crqa’ ‘plot3D’
All declared Imports should be used.
Flavors: r-devel-linux-x86_64-fedora-clang, r-devel-linux-x86_64-fedora-gcc, r-release-macos-arm64, r-release-macos-x86_64, r-oldrel-macos-arm64, r-oldrel-macos-x86_64