Last updated on 2023-01-28 20:54:40 CET.
Flavor | Version | Tinstall | Tcheck | Ttotal | Status | Flags |
---|---|---|---|---|---|---|
r-devel-linux-x86_64-debian-clang | 0.1.1 | 57.90 | 148.53 | 206.43 | OK | |
r-devel-linux-x86_64-debian-gcc | 0.1.1 | 44.18 | 104.84 | 149.02 | NOTE | |
r-devel-linux-x86_64-fedora-clang | 0.1.1 | 260.61 | NOTE | |||
r-devel-linux-x86_64-fedora-gcc | 0.1.1 | 264.89 | NOTE | |||
r-patched-linux-x86_64 | 0.1.1 | 30.78 | 132.63 | 163.41 | OK | |
r-release-linux-x86_64 | 0.1.1 | 35.04 | 135.68 | 170.72 | OK | |
r-release-macos-arm64 | 0.1.1 | 68.00 | NOTE | |||
r-release-macos-x86_64 | 0.1.1 | 93.00 | NOTE | |||
r-release-windows-x86_64 | 0.1.1 | 64.00 | 201.00 | 265.00 | OK | |
r-oldrel-macos-arm64 | 0.1.1 | 64.00 | NOTE | |||
r-oldrel-macos-x86_64 | 0.1.1 | 101.00 | NOTE | |||
r-oldrel-windows-ix86+x86_64 | 0.1.1 | 129.00 | 238.00 | 367.00 | NOTE |
Version: 0.1.1
Check: C++ specification
Result: NOTE
Specified C++11: please update to current default of C++17
Flavors: r-devel-linux-x86_64-debian-gcc, r-devel-linux-x86_64-fedora-clang, r-devel-linux-x86_64-fedora-gcc
Version: 0.1.1
Check: installed package size
Result: NOTE
installed size is 5.5Mb
sub-directories of 1Mb or more:
data 2.3Mb
libs 2.9Mb
Flavors: r-release-macos-arm64, r-release-macos-x86_64, r-oldrel-macos-arm64, r-oldrel-macos-x86_64, r-oldrel-windows-ix86+x86_64