Last updated on 2022-05-24 04:50:58 CEST.
Flavor | Version | Tinstall | Tcheck | Ttotal | Status | Flags |
---|---|---|---|---|---|---|
r-devel-linux-x86_64-debian-clang | 0.3.4 | 11.93 | 242.27 | 254.20 | OK | |
r-devel-linux-x86_64-debian-gcc | 0.3.4 | 10.11 | 182.84 | 192.95 | OK | |
r-devel-linux-x86_64-fedora-clang | 0.3.4 | 297.50 | OK | |||
r-devel-linux-x86_64-fedora-gcc | 0.3.4 | 287.14 | OK | |||
r-devel-windows-x86_64 | 0.3.4 | 149.00 | 261.00 | 410.00 | OK | |
r-patched-linux-x86_64 | 0.3.4 | 10.63 | 232.61 | 243.24 | OK | |
r-release-linux-x86_64 | 0.3.4 | OK | ||||
r-release-macos-arm64 | 0.3.4 | 91.00 | NOTE | |||
r-release-macos-x86_64 | 0.3.4 | 181.00 | OK | |||
r-release-windows-x86_64 | 0.3.4 | 128.00 | 259.00 | 387.00 | OK | |
r-oldrel-macos-arm64 | 0.3.4 | 112.00 | NOTE | |||
r-oldrel-macos-x86_64 | 0.3.4 | 173.00 | OK | |||
r-oldrel-windows-ix86+x86_64 | 0.3.4 | 27.00 | 260.00 | 287.00 | OK |
Version: 0.3.4
Check: package dependencies
Result: NOTE
Packages suggested but not available for checking:
'SummarizedExperiment', 'SingleCellExperiment'
Flavors: r-release-macos-arm64, r-oldrel-macos-arm64