CRAN Package Check Results for Package siteymlgen

Last updated on 2024-05-28 21:49:20 CEST.

Flavor Version Tinstall Tcheck Ttotal Status Flags
r-devel-linux-x86_64-debian-clang 1.0.0 2.74 31.02 33.76 NOTE
r-devel-linux-x86_64-debian-gcc 1.0.0 1.37 23.76 25.13 NOTE
r-devel-linux-x86_64-fedora-clang 1.0.0 43.82 NOTE
r-devel-linux-x86_64-fedora-gcc 1.0.0 52.73 NOTE
r-devel-windows-x86_64 1.0.0 4.00 48.00 52.00 NOTE
r-patched-linux-x86_64 1.0.0 2.68 29.61 32.29 NOTE
r-release-linux-x86_64 1.0.0 2.11 30.23 32.34 NOTE
r-release-macos-arm64 1.0.0 25.00 NOTE
r-release-windows-x86_64 1.0.0 4.00 48.00 52.00 NOTE
r-oldrel-macos-arm64 1.0.0 27.00 NOTE
r-oldrel-macos-x86_64 1.0.0 37.00 NOTE
r-oldrel-windows-x86_64 1.0.0 4.00 52.00 56.00 NOTE

Check Details

Version: 1.0.0
Check: LazyData
Result: NOTE 'LazyData' is specified without a 'data' directory Flavors: r-devel-linux-x86_64-debian-clang, r-devel-linux-x86_64-debian-gcc, r-devel-linux-x86_64-fedora-clang, r-devel-linux-x86_64-fedora-gcc, r-devel-windows-x86_64, r-patched-linux-x86_64, r-release-linux-x86_64, r-release-macos-arm64, r-release-windows-x86_64, r-oldrel-macos-arm64, r-oldrel-macos-x86_64, r-oldrel-windows-x86_64

Version: 1.0.0
Check: dependencies in R code
Result: NOTE Namespaces in Imports field not imported from: ‘data.table’ ‘dplyr’ ‘rmarkdown’ ‘yaml’ All declared Imports should be used. Flavors: r-devel-linux-x86_64-fedora-clang, r-devel-linux-x86_64-fedora-gcc