Last updated on 2023-02-04 08:57:47 CET.
Flavor | Version | Tinstall | Tcheck | Ttotal | Status | Flags |
---|---|---|---|---|---|---|
r-devel-linux-x86_64-debian-clang | 1.2.0 | 172.70 | 166.62 | 339.32 | NOTE | |
r-devel-linux-x86_64-debian-gcc | 1.2.0 | 127.67 | 118.98 | 246.65 | NOTE | |
r-devel-linux-x86_64-fedora-clang | 1.2.0 | 466.29 | NOTE | |||
r-devel-linux-x86_64-fedora-gcc | 1.2.0 | 414.46 | NOTE | |||
r-devel-windows-x86_64 | 1.2.0 | 352.00 | 229.00 | 581.00 | NOTE | |
r-patched-linux-x86_64 | 1.2.0 | 131.73 | 145.87 | 277.60 | OK | |
r-release-linux-x86_64 | 1.2.0 | 118.75 | 150.35 | 269.10 | OK | |
r-release-macos-arm64 | 1.2.0 | 117.00 | NOTE | |||
r-release-macos-x86_64 | 1.2.0 | 127.00 | NOTE | |||
r-release-windows-x86_64 | 1.2.0 | 340.00 | 213.00 | 553.00 | OK | |
r-oldrel-macos-arm64 | 1.2.0 | 96.00 | NOTE | |||
r-oldrel-macos-x86_64 | 1.2.0 | 129.00 | NOTE | |||
r-oldrel-windows-ix86+x86_64 | 1.2.0 | 403.00 | 248.00 | 651.00 | NOTE |
Version: 1.2.0
Check: C++ specification
Result: NOTE
Specified C++11: please update to current default of C++17
Flavors: r-devel-linux-x86_64-debian-clang, r-devel-linux-x86_64-debian-gcc, r-devel-linux-x86_64-fedora-clang, r-devel-linux-x86_64-fedora-gcc, r-devel-windows-x86_64
Version: 1.2.0
Check: installed package size
Result: NOTE
installed size is 8.1Mb
sub-directories of 1Mb or more:
extdata 1.5Mb
libs 4.9Mb
Flavors: r-release-macos-arm64, r-release-macos-x86_64, r-oldrel-macos-arm64, r-oldrel-macos-x86_64, r-oldrel-windows-ix86+x86_64