Last updated on 2023-05-30 16:00:45 CEST.
Flavor | Version | Tinstall | Tcheck | Ttotal | Status | Flags |
---|---|---|---|---|---|---|
r-devel-linux-x86_64-debian-clang | 2.0.1 | 19.05 | 223.61 | 242.66 | OK | |
r-devel-linux-x86_64-debian-gcc | 2.0.1 | 14.68 | 162.69 | 177.37 | OK | |
r-devel-linux-x86_64-fedora-clang | 2.0.1 | 298.20 | NOTE | |||
r-devel-linux-x86_64-fedora-gcc | 2.0.1 | 281.95 | OK | |||
r-devel-windows-x86_64 | 2.0.1 | 19.00 | 187.00 | 206.00 | OK | |
r-patched-linux-x86_64 | 2.0.1 | 17.88 | 215.83 | 233.71 | OK | |
r-release-linux-x86_64 | 2.0.1 | 12.22 | 213.15 | 225.37 | OK | |
r-release-macos-arm64 | 2.0.1 | 83.00 | OK | |||
r-release-macos-x86_64 | 2.0.1 | 136.00 | OK | |||
r-release-windows-x86_64 | 2.0.1 | 23.00 | 226.00 | 249.00 | OK | |
r-oldrel-macos-arm64 | 2.0.1 | 80.00 | OK | |||
r-oldrel-macos-x86_64 | 2.0.1 | 98.00 | OK | |||
r-oldrel-windows-x86_64 | 2.0.1 | 23.00 | 210.00 | 233.00 | OK |
Version: 2.0.1
Check: Rd cross-references
Result: NOTE
Undeclared packages ‘cmna’, ‘lmboot’, ‘sandwich’ in Rd xrefs
Flavor: r-devel-linux-x86_64-fedora-clang