CRAN Package Check Results for Package skedastic

Last updated on 2022-05-21 10:50:26 CEST.

Flavor Version Tinstall Tcheck Ttotal Status Flags
r-devel-linux-x86_64-debian-clang 1.0.4 7.98 128.17 136.15 OK
r-devel-linux-x86_64-debian-gcc 1.0.4 6.81 93.07 99.88 OK
r-devel-linux-x86_64-fedora-clang 1.0.4 157.96 NOTE
r-devel-linux-x86_64-fedora-gcc 1.0.4 157.81 NOTE
r-devel-windows-x86_64 1.0.4 39.00 148.00 187.00 OK
r-patched-linux-x86_64 1.0.4 6.91 123.42 130.33 OK
r-release-linux-x86_64 1.0.4 5.29 119.75 125.04 OK
r-release-macos-arm64 1.0.4 45.00 NOTE
r-release-macos-x86_64 1.0.4 72.00 NOTE
r-release-windows-x86_64 1.0.4 33.00 150.00 183.00 OK
r-oldrel-macos-arm64 1.0.4 36.00 NOTE
r-oldrel-macos-x86_64 1.0.4 63.00 NOTE
r-oldrel-windows-ix86+x86_64 1.0.4 15.00 148.00 163.00 OK

Check Details

Version: 1.0.4
Check: dependencies in R code
Result: NOTE
    Namespaces in Imports field not imported from:
     ‘CompQuadForm’ ‘boot’ ‘mvtnorm’
     All declared Imports should be used.
Flavors: r-devel-linux-x86_64-fedora-clang, r-devel-linux-x86_64-fedora-gcc, r-release-macos-arm64, r-release-macos-x86_64, r-oldrel-macos-arm64, r-oldrel-macos-x86_64