CRAN Package Check Results for Package slam

Last updated on 2022-01-21 02:00:46 CET.

Flavor Version Tinstall Tcheck Ttotal Status Flags
r-devel-linux-x86_64-debian-clang 0.1-50 OK
r-devel-linux-x86_64-debian-gcc 0.1-50 5.09 38.51 43.60 OK
r-devel-linux-x86_64-fedora-clang 0.1-50 70.78 OK
r-devel-linux-x86_64-fedora-gcc 0.1-50 59.34 OK
r-devel-windows-x86_64-new-UL 0.1-50 49.00 74.00 123.00 OK
r-devel-windows-x86_64-new-TK 0.1-50 OK
r-patched-linux-x86_64 0.1-50 5.97 48.46 54.43 OK
r-release-linux-x86_64 0.1-50 4.89 49.21 54.10 OK
r-release-macos-arm64 0.1-50 OK
r-release-macos-x86_64 0.1-50 WARN --as-cran
r-release-windows-ix86+x86_64 0.1-50 16.00 83.00 99.00 OK
r-oldrel-macos-x86_64 0.1-49 OK
r-oldrel-windows-ix86+x86_64 0.1-50 16.00 78.00 94.00 OK

Check Details

Version: 0.1-50
Flags: --as-cran
Check: CRAN incoming feasibility
Result: WARN
    Maintainer: ‘Kurt Hornik <Kurt.Hornik@R-project.org>’
    
    Insufficient package version (submitted: 0.1.50, existing: 0.1.50)
    
    Days since last update: 1
    
    Found the following (possibly) invalid URLs:
     URL: https://www-users.cs.umn.edu/~karypis/cluto/ (moved to https://www-users.cse.umn.edu/~karypis/cluto/)
     From: man/foreign.Rd
     Status: 200
     Message: OK
Flavor: r-release-macos-x86_64