CRAN Package Check Results for Package sleev

Last updated on 2024-03-01 08:53:11 CET.

Flavor Version Tinstall Tcheck Ttotal Status Flags
r-devel-linux-x86_64-debian-clang 1.0.3 124.57 63.40 187.97 OK
r-devel-linux-x86_64-debian-gcc 1.0.3 119.46 112.16 231.62 OK
r-devel-linux-x86_64-fedora-clang 1.0.3 284.91 OK
r-devel-linux-x86_64-fedora-gcc 1.0.3 321.78 OK
r-devel-windows-x86_64 1.0.3 83.00 114.00 197.00 OK
r-patched-linux-x86_64 1.0.3 121.13 131.68 252.81 OK
r-release-linux-x86_64 1.0.3 109.62 98.59 208.21 OK
r-release-macos-arm64 1.0.3 66.00 NOTE
r-release-macos-x86_64 1.0.3 132.00 NOTE
r-release-windows-x86_64 1.0.3 116.00 130.00 246.00 OK
r-oldrel-macos-arm64 1.0.3 67.00 NOTE
r-oldrel-windows-x86_64 1.0.3 101.00 113.00 214.00 OK

Check Details

Version: 1.0.3
Check: installed package size
Result: NOTE installed size is 20.7Mb sub-directories of 1Mb or more: libs 20.3Mb Flavors: r-release-macos-arm64, r-release-macos-x86_64, r-oldrel-macos-arm64