Last updated on 2023-02-08 17:52:42 CET.
Flavor | Version | Tinstall | Tcheck | Ttotal | Status | Flags |
---|---|---|---|---|---|---|
r-devel-linux-x86_64-debian-clang | 1.0.2 | 108.23 | 124.25 | 232.48 | NOTE | |
r-devel-linux-x86_64-debian-gcc | 1.0.2 | 91.42 | 135.11 | 226.53 | NOTE | |
r-devel-linux-x86_64-fedora-clang | 1.0.2 | 265.77 | NOTE | |||
r-devel-linux-x86_64-fedora-gcc | 1.0.2 | 332.04 | NOTE | |||
r-devel-windows-x86_64 | 1.0.2 | 82.00 | 148.00 | 230.00 | NOTE | |
r-patched-linux-x86_64 | 1.0.2 | 100.85 | 107.87 | 208.72 | OK | |
r-release-linux-x86_64 | 1.0.2 | 100.15 | 112.79 | 212.94 | OK | |
r-release-macos-arm64 | 1.0.2 | 78.00 | NOTE | |||
r-release-macos-x86_64 | 1.0.2 | 88.00 | NOTE | |||
r-release-windows-x86_64 | 1.0.2 | 87.00 | 156.00 | 243.00 | OK | |
r-oldrel-macos-arm64 | 1.0.2 | 75.00 | NOTE | |||
r-oldrel-macos-x86_64 | 1.0.2 | 87.00 | NOTE | |||
r-oldrel-windows-ix86+x86_64 | 1.0.2 | 256.00 | 226.00 | 482.00 | OK |
Version: 1.0.2
Check: C++ specification
Result: NOTE
Specified C++11: please update to current default of C++17
Flavors: r-devel-linux-x86_64-debian-clang, r-devel-windows-x86_64
Version: 1.0.2
Check: C++ specification
Result: NOTE
Specified C++11: please drop specification unless essential
Flavors: r-devel-linux-x86_64-debian-gcc, r-devel-linux-x86_64-fedora-clang, r-devel-linux-x86_64-fedora-gcc
Version: 1.0.2
Check: installed package size
Result: NOTE
installed size is 22.7Mb
sub-directories of 1Mb or more:
libs 22.3Mb
Flavors: r-release-macos-arm64, r-release-macos-x86_64, r-oldrel-macos-arm64, r-oldrel-macos-x86_64