Last updated on 2022-05-24 12:52:53 CEST.
Flavor | Version | Tinstall | Tcheck | Ttotal | Status | Flags |
---|---|---|---|---|---|---|
r-devel-linux-x86_64-debian-clang | 0.2.1 | 31.19 | 280.37 | 311.56 | NOTE | |
r-devel-linux-x86_64-debian-gcc | 0.2.1 | 22.12 | 205.73 | 227.85 | NOTE | |
r-devel-linux-x86_64-fedora-clang | 0.2.1 | 380.16 | NOTE | |||
r-devel-linux-x86_64-fedora-gcc | 0.2.1 | 351.39 | NOTE | |||
r-devel-windows-x86_64 | 0.2.1 | 34.00 | 265.00 | 299.00 | NOTE | |
r-patched-linux-x86_64 | 0.2.1 | 24.47 | 269.58 | 294.05 | NOTE | |
r-release-linux-x86_64 | 0.2.1 | NOTE | ||||
r-release-macos-arm64 | 0.2.1 | 76.00 | NOTE | |||
r-release-macos-x86_64 | 0.2.1 | 110.00 | NOTE | |||
r-release-windows-x86_64 | 0.2.1 | 32.00 | 269.00 | 301.00 | NOTE | |
r-oldrel-macos-arm64 | 0.2.1 | 40.00 | NOTE | |||
r-oldrel-macos-x86_64 | 0.2.1 | 62.00 | NOTE | |||
r-oldrel-windows-ix86+x86_64 | 0.2.1 | 59.00 | 253.00 | 312.00 | NOTE |
Version: 0.2.1
Check: LazyData
Result: NOTE
'LazyData' is specified without a 'data' directory
Flavors: r-devel-linux-x86_64-debian-clang, r-devel-linux-x86_64-debian-gcc, r-devel-linux-x86_64-fedora-clang, r-devel-linux-x86_64-fedora-gcc, r-devel-windows-x86_64, r-patched-linux-x86_64, r-release-linux-x86_64, r-release-macos-arm64, r-release-macos-x86_64, r-release-windows-x86_64, r-oldrel-macos-arm64, r-oldrel-macos-x86_64, r-oldrel-windows-ix86+x86_64