CRAN Package Check Results for Package smartsnp

Last updated on 2022-05-16 16:52:26 CEST.

Flavor Version Tinstall Tcheck Ttotal Status Flags
r-devel-linux-x86_64-debian-clang 1.1.0 32.86 72.59 105.45 NOTE
r-devel-linux-x86_64-debian-gcc 1.1.0 23.85 56.22 80.07 NOTE
r-devel-linux-x86_64-fedora-clang 1.1.0 134.24 NOTE
r-devel-linux-x86_64-fedora-gcc 1.1.0 133.99 NOTE
r-devel-windows-x86_64 1.1.0 37.00 120.00 157.00 NOTE
r-patched-linux-x86_64 1.1.0 27.40 69.55 96.95 NOTE
r-release-linux-x86_64 1.1.0 28.50 71.76 100.26 NOTE
r-release-macos-arm64 1.1.0 40.00 NOTE
r-release-macos-x86_64 1.1.0 55.00 NOTE
r-release-windows-x86_64 1.1.0 40.00 120.00 160.00 NOTE
r-oldrel-macos-arm64 1.1.0 41.00 NOTE
r-oldrel-macos-x86_64 1.1.0 61.00 NOTE
r-oldrel-windows-ix86+x86_64 1.1.0 85.00 125.00 210.00 NOTE

Check Details

Version: 1.1.0
Check: LazyData
Result: NOTE
     'LazyData' is specified without a 'data' directory
Flavors: r-devel-linux-x86_64-debian-clang, r-devel-linux-x86_64-debian-gcc, r-devel-linux-x86_64-fedora-clang, r-devel-linux-x86_64-fedora-gcc, r-devel-windows-x86_64, r-patched-linux-x86_64, r-release-linux-x86_64, r-release-macos-arm64, r-release-macos-x86_64, r-release-windows-x86_64, r-oldrel-macos-arm64, r-oldrel-macos-x86_64, r-oldrel-windows-ix86+x86_64