CRAN Package Check Results for Package smcure

Last updated on 2021-12-07 05:55:19 CET.

Flavor Version Tinstall Tcheck Ttotal Status Flags
r-devel-linux-x86_64-debian-clang 2.0 7.62 63.44 71.06 NOTE
r-devel-linux-x86_64-debian-gcc 2.0 5.91 51.24 57.15 NOTE
r-devel-linux-x86_64-fedora-clang 2.0 88.56 NOTE
r-devel-linux-x86_64-fedora-gcc 2.0 77.71 NOTE
r-devel-windows-x86_64-new-UL 2.0 13.00 91.00 104.00 NOTE
r-devel-windows-x86_64-new-TK 2.0 NOTE
r-devel-windows-x86_64-old 2.0 11.00 61.00 72.00 NOTE
r-patched-linux-x86_64 2.0 7.60 63.07 70.67 NOTE
r-release-linux-x86_64 2.0 6.93 62.60 69.53 NOTE
r-release-macos-arm64 2.0 NOTE
r-release-macos-x86_64 2.0 NOTE
r-release-windows-ix86+x86_64 2.0 13.00 74.00 87.00 NOTE
r-oldrel-macos-x86_64 2.0 NOTE
r-oldrel-windows-ix86+x86_64 2.0 16.00 80.00 96.00 NOTE

Check Details

Version: 2.0
Check: DESCRIPTION meta-information
Result: NOTE
    Malformed Description field: should contain one or more complete sentences.
Flavors: r-devel-linux-x86_64-debian-clang, r-devel-linux-x86_64-debian-gcc, r-devel-linux-x86_64-fedora-clang, r-devel-linux-x86_64-fedora-gcc, r-devel-windows-x86_64-new-UL, r-devel-windows-x86_64-new-TK, r-devel-windows-x86_64-old, r-patched-linux-x86_64, r-release-linux-x86_64, r-release-macos-arm64, r-release-macos-x86_64, r-release-windows-ix86+x86_64, r-oldrel-macos-x86_64, r-oldrel-windows-ix86+x86_64

Version: 2.0
Check: dependencies in R code
Result: NOTE
    Package in Depends field not imported from: 'survival'
     These packages need to be imported from (in the NAMESPACE file)
     for when this namespace is loaded but not attached.
Flavors: r-devel-linux-x86_64-debian-clang, r-devel-linux-x86_64-debian-gcc, r-devel-linux-x86_64-fedora-clang, r-devel-linux-x86_64-fedora-gcc, r-devel-windows-x86_64-new-UL, r-devel-windows-x86_64-new-TK, r-devel-windows-x86_64-old, r-patched-linux-x86_64, r-release-linux-x86_64, r-release-macos-arm64, r-release-macos-x86_64, r-release-windows-ix86+x86_64, r-oldrel-macos-x86_64, r-oldrel-windows-ix86+x86_64

Version: 2.0
Check: R code for possible problems
Result: NOTE
    em: no visible global function definition for 'coxph'
    em: no visible global function definition for 'optim'
    plotpredictsmcure: no visible global function definition for 'matplot'
    plotpredictsmcure: no visible global function definition for 'lines'
    smcure: no visible binding for global variable 'na.omit'
    smcure: no visible global function definition for 'model.frame'
    smcure: no visible global function definition for 'model.extract'
    smcure: no visible global function definition for 'model.matrix'
    smcure: no visible global function definition for 'coxph'
    smcure: no visible global function definition for 'survreg'
    smcure: no visible binding for global variable 'var'
    smcure: no visible global function definition for 'pnorm'
    Undefined global functions or variables:
     coxph lines matplot model.extract model.frame model.matrix na.omit
     optim pnorm survreg var
    Consider adding
     importFrom("graphics", "lines", "matplot")
     importFrom("stats", "model.extract", "model.frame", "model.matrix",
     "na.omit", "optim", "pnorm", "var")
    to your NAMESPACE file.
Flavors: r-devel-linux-x86_64-debian-clang, r-devel-linux-x86_64-debian-gcc, r-devel-linux-x86_64-fedora-clang, r-devel-linux-x86_64-fedora-gcc, r-devel-windows-x86_64-new-UL, r-devel-windows-x86_64-new-TK, r-devel-windows-x86_64-old, r-patched-linux-x86_64, r-release-linux-x86_64, r-release-macos-arm64, r-release-macos-x86_64, r-release-windows-ix86+x86_64, r-oldrel-macos-x86_64, r-oldrel-windows-ix86+x86_64