CRAN Package Check Results for Package snapshot

Last updated on 2024-04-21 03:53:30 CEST.

Flavor Version Tinstall Tcheck Ttotal Status Flags
r-devel-linux-x86_64-debian-clang 0.1.2 2.21 22.37 24.58 NOTE
r-devel-linux-x86_64-debian-gcc 0.1.2 1.68 17.10 18.78 NOTE
r-devel-linux-x86_64-fedora-clang 0.1.2 33.33 NOTE
r-devel-linux-x86_64-fedora-gcc 0.1.2 28.72 NOTE
r-prerel-macos-arm64 0.1.2 14.00 NOTE
r-prerel-windows-x86_64 0.1.2 2.00 36.00 38.00 NOTE
r-patched-linux-x86_64 0.1.2 2.62 20.74 23.36 NOTE
r-release-linux-x86_64 0.1.2 1.77 20.36 22.13 NOTE
r-release-macos-arm64 0.1.2 15.00 NOTE
r-release-macos-x86_64 0.1.2 19.00 NOTE
r-release-windows-x86_64 0.1.2 3.00 36.00 39.00 NOTE
r-oldrel-macos-arm64 0.1.2 16.00 NOTE
r-oldrel-windows-x86_64 0.1.2 4.00 41.00 45.00 NOTE

Check Details

Version: 0.1.2
Check: DESCRIPTION meta-information
Result: NOTE Malformed Description field: should contain one or more complete sentences. Flavors: r-devel-linux-x86_64-debian-clang, r-devel-linux-x86_64-debian-gcc, r-devel-linux-x86_64-fedora-clang, r-devel-linux-x86_64-fedora-gcc, r-prerel-macos-arm64, r-prerel-windows-x86_64, r-patched-linux-x86_64, r-release-linux-x86_64, r-release-macos-arm64, r-release-macos-x86_64, r-release-windows-x86_64, r-oldrel-macos-arm64, r-oldrel-windows-x86_64