CRAN Package Check Results for Package snem

Last updated on 2022-05-17 20:51:31 CEST.

Flavor Version Tinstall Tcheck Ttotal Status Flags
r-devel-linux-x86_64-debian-clang 0.1.1 1.76 32.84 34.60 NOTE
r-devel-linux-x86_64-debian-gcc 0.1.1 1.43 25.03 26.46 NOTE
r-devel-linux-x86_64-fedora-clang 0.1.1 42.34 NOTE
r-devel-linux-x86_64-fedora-gcc 0.1.1 40.31 NOTE
r-devel-windows-x86_64 0.1.1 11.00 49.00 60.00 NOTE
r-patched-linux-x86_64 0.1.1 2.14 30.75 32.89 NOTE
r-release-linux-x86_64 0.1.1 2.17 30.38 32.55 NOTE
r-release-macos-arm64 0.1.1 16.00 NOTE
r-release-macos-x86_64 0.1.1 20.00 NOTE
r-release-windows-x86_64 0.1.1 10.00 47.00 57.00 NOTE
r-oldrel-macos-arm64 0.1.1 19.00 NOTE
r-oldrel-macos-x86_64 0.1.1 26.00 NOTE
r-oldrel-windows-ix86+x86_64 0.1.1 5.00 42.00 47.00 NOTE

Check Details

Version: 0.1.1
Check: LazyData
Result: NOTE
     'LazyData' is specified without a 'data' directory
Flavors: r-devel-linux-x86_64-debian-clang, r-devel-linux-x86_64-debian-gcc, r-devel-linux-x86_64-fedora-clang, r-devel-linux-x86_64-fedora-gcc, r-devel-windows-x86_64, r-patched-linux-x86_64, r-release-linux-x86_64, r-release-macos-arm64, r-release-macos-x86_64, r-release-windows-x86_64, r-oldrel-macos-arm64, r-oldrel-macos-x86_64, r-oldrel-windows-ix86+x86_64