CRAN Package Check Results for Package soilDB

Last updated on 2022-05-20 14:52:40 CEST.

Flavor Version Tinstall Tcheck Ttotal Status Flags
r-devel-linux-x86_64-debian-clang 2.6.15 35.74 359.48 395.22 OK
r-devel-linux-x86_64-debian-gcc 2.7.0 13.23 115.86 129.09 OK
r-devel-linux-x86_64-fedora-clang 2.7.0 220.66 NOTE
r-devel-linux-x86_64-fedora-gcc 2.7.0 215.20 NOTE
r-devel-windows-x86_64 2.7.0 58.00 143.00 201.00 OK
r-patched-linux-x86_64 2.6.15 40.05 337.69 377.74 OK
r-release-linux-x86_64 2.6.15 33.41 339.55 372.96 OK
r-release-macos-arm64 2.7.0 85.00 WARN
r-release-macos-x86_64 2.7.0 85.00 NOTE
r-release-windows-x86_64 2.7.0 47.00 140.00 187.00 OK
r-oldrel-macos-arm64 2.7.0 70.00 NOTE
r-oldrel-macos-x86_64 2.7.0 83.00 NOTE
r-oldrel-windows-ix86+x86_64 2.7.0 28.00 148.00 176.00 OK

Check Details

Version: 2.7.0
Check: data for non-ASCII characters
Result: NOTE
     Note: found 4970 marked UTF-8 strings
Flavors: r-devel-linux-x86_64-fedora-clang, r-devel-linux-x86_64-fedora-gcc, r-release-macos-arm64, r-release-macos-x86_64, r-oldrel-macos-arm64, r-oldrel-macos-x86_64

Version: 2.7.0
Check: dependencies in R code
Result: WARN
    Missing or unexported object: ‘terra::categories’
Flavor: r-release-macos-arm64