CRAN Package Check Results for Package solvebio

Last updated on 2024-03-01 07:53:03 CET.

Flavor Version Tinstall Tcheck Ttotal Status Flags
r-devel-linux-x86_64-debian-clang 2.14.0 3.79 40.96 44.75 NOTE
r-devel-linux-x86_64-debian-gcc 2.14.0 3.70 30.95 34.65 NOTE
r-devel-linux-x86_64-fedora-clang 2.14.0 55.82 NOTE
r-devel-linux-x86_64-fedora-gcc 2.14.0 53.41 NOTE
r-devel-windows-x86_64 2.14.0 6.00 70.00 76.00 NOTE
r-patched-linux-x86_64 2.14.0 6.22 40.19 46.41 NOTE
r-release-linux-x86_64 2.14.0 3.75 39.76 43.51 NOTE
r-release-macos-arm64 2.14.0 22.00 NOTE
r-release-macos-x86_64 2.14.0 30.00 NOTE
r-release-windows-x86_64 2.14.0 7.00 75.00 82.00 NOTE
r-oldrel-macos-arm64 2.14.0 21.00 OK
r-oldrel-windows-x86_64 2.14.0 7.00 60.00 67.00 OK

Check Details

Version: 2.14.0
Check: dependencies in R code
Result: NOTE There are ::: calls to the package's namespace in its code. A package almost never needs to use ::: for its own objects: ‘.solveEnv’ Flavors: r-devel-linux-x86_64-debian-clang, r-devel-linux-x86_64-debian-gcc, r-devel-linux-x86_64-fedora-clang, r-devel-linux-x86_64-fedora-gcc, r-devel-windows-x86_64, r-patched-linux-x86_64, r-release-linux-x86_64, r-release-macos-arm64, r-release-macos-x86_64, r-release-windows-x86_64