CRAN Package Check Results for Package soundcorrs

Last updated on 2022-05-16 13:50:27 CEST.

Flavor Version Tinstall Tcheck Ttotal Status Flags
r-devel-linux-x86_64-debian-clang 0.4.0 6.18 75.87 82.05 NOTE
r-devel-linux-x86_64-debian-gcc 0.4.0 3.32 55.20 58.52 NOTE
r-devel-linux-x86_64-fedora-clang 0.4.0 93.90 NOTE
r-devel-linux-x86_64-fedora-gcc 0.4.0 93.24 NOTE
r-devel-windows-x86_64 0.4.0 88.00 99.00 187.00 NOTE
r-patched-linux-x86_64 0.4.0 6.06 70.70 76.76 NOTE
r-release-linux-x86_64 0.4.0 5.34 71.57 76.91 NOTE
r-release-macos-arm64 0.4.0 26.00 NOTE
r-release-macos-x86_64 0.4.0 48.00 NOTE
r-release-windows-x86_64 0.4.0 88.00 97.00 185.00 NOTE
r-oldrel-macos-arm64 0.4.0 26.00 NOTE
r-oldrel-macos-x86_64 0.4.0 46.00 NOTE
r-oldrel-windows-ix86+x86_64 0.4.0 11.00 89.00 100.00 NOTE

Check Details

Version: 0.4.0
Check: LazyData
Result: NOTE
     'LazyData' is specified without a 'data' directory
Flavors: r-devel-linux-x86_64-debian-clang, r-devel-linux-x86_64-debian-gcc, r-devel-linux-x86_64-fedora-clang, r-devel-linux-x86_64-fedora-gcc, r-devel-windows-x86_64, r-patched-linux-x86_64, r-release-linux-x86_64, r-release-macos-arm64, r-release-macos-x86_64, r-release-windows-x86_64, r-oldrel-macos-arm64, r-oldrel-macos-x86_64, r-oldrel-windows-ix86+x86_64