Last updated on 2022-06-30 01:49:20 CEST.
Flavor | Version | Tinstall | Tcheck | Ttotal | Status | Flags |
---|---|---|---|---|---|---|
r-devel-linux-x86_64-debian-clang | 0.1.7 | 6.34 | 24.97 | 31.31 | NOTE | |
r-devel-linux-x86_64-debian-gcc | 0.1.7 | 5.56 | 19.40 | 24.96 | NOTE | |
r-devel-linux-x86_64-fedora-clang | 0.1.7 | 51.20 | NOTE | |||
r-devel-linux-x86_64-fedora-gcc | 0.1.7 | 48.48 | NOTE | |||
r-devel-windows-x86_64 | 0.1.7 | 163.00 | 68.00 | 231.00 | NOTE | |
r-patched-linux-x86_64 | 0.1.7 | 5.25 | 24.39 | 29.64 | NOTE | |
r-release-linux-x86_64 | 0.1.7 | 5.91 | 24.08 | 29.99 | NOTE | |
r-release-macos-arm64 | 0.1.7 | 18.00 | NOTE | |||
r-release-macos-x86_64 | 0.1.7 | 25.00 | NOTE | |||
r-release-windows-x86_64 | 0.1.7 | 100.00 | 68.00 | 168.00 | NOTE | |
r-oldrel-macos-arm64 | 0.1.7 | 22.00 | NOTE | |||
r-oldrel-macos-x86_64 | 0.1.7 | 32.00 | NOTE | |||
r-oldrel-windows-ix86+x86_64 | 0.1.7 | 28.00 | 60.00 | 88.00 | NOTE |
Version: 0.1.7
Check: LazyData
Result: NOTE
'LazyData' is specified without a 'data' directory
Flavors: r-devel-linux-x86_64-debian-clang, r-devel-linux-x86_64-debian-gcc, r-devel-linux-x86_64-fedora-clang, r-devel-linux-x86_64-fedora-gcc, r-devel-windows-x86_64, r-patched-linux-x86_64, r-release-linux-x86_64, r-release-macos-arm64, r-release-macos-x86_64, r-release-windows-x86_64, r-oldrel-macos-arm64, r-oldrel-macos-x86_64, r-oldrel-windows-ix86+x86_64