Last updated on 2023-01-28 17:51:23 CET.
Flavor | Version | Tinstall | Tcheck | Ttotal | Status | Flags |
---|---|---|---|---|---|---|
r-devel-linux-x86_64-debian-clang | 0.1.0 | 77.28 | 60.99 | 138.27 | OK | |
r-devel-linux-x86_64-debian-gcc | 0.1.0 | 57.32 | 45.44 | 102.76 | NOTE | |
r-devel-linux-x86_64-fedora-clang | 0.1.0 | 198.35 | NOTE | |||
r-devel-linux-x86_64-fedora-gcc | 0.1.0 | 184.87 | NOTE | |||
r-patched-linux-x86_64 | 0.1.0 | 65.85 | 58.07 | 123.92 | OK | |
r-release-linux-x86_64 | 0.1.0 | 61.28 | 59.42 | 120.70 | OK | |
r-release-macos-arm64 | 0.1.0 | 43.00 | OK | |||
r-release-macos-x86_64 | 0.1.0 | 60.00 | OK | |||
r-release-windows-x86_64 | 0.1.0 | 70.00 | 104.00 | 174.00 | OK | |
r-oldrel-macos-arm64 | 0.1.0 | 48.00 | OK | |||
r-oldrel-macos-x86_64 | 0.1.0 | 55.00 | OK | |||
r-oldrel-windows-ix86+x86_64 | 0.1.0 | 187.00 | 131.00 | 318.00 | OK |
Version: 0.1.0
Check: C++ specification
Result: NOTE
Specified C++11: please update to current default of C++17
Flavors: r-devel-linux-x86_64-debian-gcc, r-devel-linux-x86_64-fedora-clang, r-devel-linux-x86_64-fedora-gcc