CRAN Package Check Results for Package sparkhail

Last updated on 2023-05-30 16:00:45 CEST.

Flavor Version Tinstall Tcheck Ttotal Status Flags
r-devel-linux-x86_64-debian-clang 0.1.1 7.34 66.73 74.07 NOTE
r-devel-linux-x86_64-debian-gcc 0.1.1 6.05 50.03 56.08 NOTE
r-devel-linux-x86_64-fedora-clang 0.1.1 97.87 NOTE
r-devel-linux-x86_64-fedora-gcc 0.1.1 89.00 NOTE
r-devel-windows-x86_64 0.1.1 9.00 68.00 77.00 NOTE
r-patched-linux-x86_64 0.1.1 7.12 62.73 69.85 NOTE
r-release-linux-x86_64 0.1.1 7.65 63.02 70.67 NOTE
r-release-macos-arm64 0.1.1 35.00 NOTE
r-release-macos-x86_64 0.1.1 51.00 NOTE
r-release-windows-x86_64 0.1.1 10.00 78.00 88.00 NOTE
r-oldrel-macos-arm64 0.1.1 29.00 NOTE
r-oldrel-macos-x86_64 0.1.1 46.00 NOTE
r-oldrel-windows-x86_64 0.1.1 11.00 81.00 92.00 NOTE

Check Details

Version: 0.1.1
Check: LazyData
Result: NOTE
     'LazyData' is specified without a 'data' directory
Flavors: r-devel-linux-x86_64-debian-clang, r-devel-linux-x86_64-debian-gcc, r-devel-linux-x86_64-fedora-clang, r-devel-linux-x86_64-fedora-gcc, r-devel-windows-x86_64, r-patched-linux-x86_64, r-release-linux-x86_64, r-release-macos-arm64, r-release-macos-x86_64, r-release-windows-x86_64, r-oldrel-macos-arm64, r-oldrel-macos-x86_64, r-oldrel-windows-x86_64