CRAN Package Check Results for Package sparkhail

Last updated on 2022-05-18 07:49:09 CEST.

Flavor Version Tinstall Tcheck Ttotal Status Flags
r-devel-linux-x86_64-debian-clang 0.1.1 7.66 76.49 84.15 NOTE
r-devel-linux-x86_64-debian-gcc 0.1.1 6.58 56.04 62.62 NOTE
r-devel-linux-x86_64-fedora-clang 0.1.1 102.19 NOTE
r-devel-linux-x86_64-fedora-gcc 0.1.1 97.32 NOTE
r-devel-windows-x86_64 0.1.1 22.00 89.00 111.00 NOTE
r-patched-linux-x86_64 0.1.1 7.23 71.86 79.09 NOTE
r-release-linux-x86_64 0.1.1 6.10 72.59 78.69 NOTE
r-release-macos-arm64 0.1.1 29.00 NOTE
r-release-macos-x86_64 0.1.1 46.00 NOTE
r-release-windows-x86_64 0.1.1 35.00 90.00 125.00 NOTE
r-oldrel-macos-arm64 0.1.1 31.00 NOTE
r-oldrel-macos-x86_64 0.1.1 43.00 NOTE
r-oldrel-windows-ix86+x86_64 0.1.1 18.00 83.00 101.00 NOTE

Check Details

Version: 0.1.1
Check: LazyData
Result: NOTE
     'LazyData' is specified without a 'data' directory
Flavors: r-devel-linux-x86_64-debian-clang, r-devel-linux-x86_64-debian-gcc, r-devel-linux-x86_64-fedora-clang, r-devel-linux-x86_64-fedora-gcc, r-devel-windows-x86_64, r-patched-linux-x86_64, r-release-linux-x86_64, r-release-macos-arm64, r-release-macos-x86_64, r-release-windows-x86_64, r-oldrel-macos-arm64, r-oldrel-macos-x86_64, r-oldrel-windows-ix86+x86_64