Last updated on 2022-05-16 11:51:39 CEST.
Flavor | Version | Tinstall | Tcheck | Ttotal | Status | Flags |
---|---|---|---|---|---|---|
r-devel-linux-x86_64-debian-clang | 0.2.0.1 | 87.17 | 103.31 | 190.48 | OK | |
r-devel-linux-x86_64-debian-gcc | 0.2.0.1 | 67.87 | 79.41 | 147.28 | OK | |
r-devel-linux-x86_64-fedora-clang | 0.2.0.1 | 265.13 | NOTE | |||
r-devel-linux-x86_64-fedora-gcc | 0.2.0.1 | 233.60 | NOTE | |||
r-devel-windows-x86_64 | 0.2.0.1 | 67.00 | 140.00 | 207.00 | OK | |
r-patched-linux-x86_64 | 0.2.0.1 | 64.43 | 97.76 | 162.19 | OK | |
r-release-linux-x86_64 | 0.2.0.1 | 57.61 | 98.40 | 156.01 | OK | |
r-release-macos-arm64 | 0.2.0.1 | 62.00 | NOTE | |||
r-release-macos-x86_64 | 0.2.0.1 | 112.00 | NOTE | |||
r-release-windows-x86_64 | 0.2.0.1 | 66.00 | 140.00 | 206.00 | OK | |
r-oldrel-macos-arm64 | 0.2.0.1 | 69.00 | NOTE | |||
r-oldrel-macos-x86_64 | 0.2.0.1 | 120.00 | NOTE | |||
r-oldrel-windows-ix86+x86_64 | 0.2.0.1 | 191.00 | 156.00 | 347.00 | OK |
Version: 0.2.0.1
Check: installed package size
Result: NOTE
installed size is 14.6Mb
sub-directories of 1Mb or more:
libs 14.5Mb
Flavors: r-devel-linux-x86_64-fedora-clang, r-release-macos-arm64, r-release-macos-x86_64, r-oldrel-macos-arm64, r-oldrel-macos-x86_64
Version: 0.2.0.1
Check: compiled code
Result: NOTE
File ‘sparseLTSEigen/libs/sparseLTSEigen.so’:
Found no calls to: ‘R_registerRoutines’, ‘R_useDynamicSymbols’
It is good practice to register native routines and to disable symbol
search.
See ‘Writing portable packages’ in the ‘Writing R Extensions’ manual.
Flavors: r-devel-linux-x86_64-fedora-clang, r-devel-linux-x86_64-fedora-gcc