CRAN Package Check Results for Package sparsesvd

Last updated on 2022-05-18 23:52:25 CEST.

Flavor Version Tinstall Tcheck Ttotal Status Flags
r-devel-linux-x86_64-debian-clang 0.2 11.24 94.16 105.40 NOTE
r-devel-linux-x86_64-debian-gcc 0.2 7.86 72.51 80.37 NOTE
r-devel-linux-x86_64-fedora-clang 0.2 123.75 NOTE
r-devel-linux-x86_64-fedora-gcc 0.2 124.37 NOTE
r-devel-windows-x86_64 0.2 18.00 105.00 123.00 NOTE
r-patched-linux-x86_64 0.2 9.91 91.51 101.42 NOTE
r-release-linux-x86_64 0.2 10.36 92.52 102.88 NOTE
r-release-macos-arm64 0.2 40.00 NOTE
r-release-macos-x86_64 0.2 55.00 NOTE
r-release-windows-x86_64 0.2 21.00 109.00 130.00 NOTE
r-oldrel-macos-arm64 0.2 47.00 NOTE
r-oldrel-macos-x86_64 0.2 79.00 NOTE
r-oldrel-windows-ix86+x86_64 0.2 24.00 151.00 175.00 NOTE

Check Details

Version: 0.2
Check: LazyData
Result: NOTE
     'LazyData' is specified without a 'data' directory
Flavors: r-devel-linux-x86_64-debian-clang, r-devel-linux-x86_64-debian-gcc, r-devel-linux-x86_64-fedora-clang, r-devel-linux-x86_64-fedora-gcc, r-devel-windows-x86_64, r-patched-linux-x86_64, r-release-linux-x86_64, r-release-macos-arm64, r-release-macos-x86_64, r-release-windows-x86_64, r-oldrel-macos-arm64, r-oldrel-macos-x86_64, r-oldrel-windows-ix86+x86_64